207.200.8.180 - - [30/Nov/2022:04:55:34 -0800] "GET /christmaseve2008/ HTTP/1.1" 200 846 "http://albes.us" "LightspeedSystemsCrawler Mozilla/5.0 (Windows; U; MSIE 9.0; Windows NT 9.0; en-US)" "www.albes.us"
207.200.8.180 - - [30/Nov/2022:04:55:36 -0800] "GET /rocket/ HTTP/1.1" 200 406 "http://albes.us" "LightspeedSystemsCrawler Mozilla/5.0 (Windows; U; MSIE 9.0; Windows NT 9.0; en-US)" "www.albes.us"
207.200.8.180 - - [30/Nov/2022:04:55:36 -0800] "GET /?C=S;O=A HTTP/1.1" 200 1214 "http://albes.us" "LightspeedSystemsCrawler Mozilla/5.0 (Windows; U; MSIE 9.0; Windows NT 9.0; en-US)" "www.albes.us"
207.200.8.180 - - [30/Nov/2022:04:55:37 -0800] "GET /rosymaplemoth/ HTTP/1.1" 200 689 "http://albes.us" "LightspeedSystemsCrawler Mozilla/5.0 (Windows; U; MSIE 9.0; Windows NT 9.0; en-US)" "www.albes.us"
207.200.8.180 - - [30/Nov/2022:04:55:38 -0800] "GET /fathersday2006/ HTTP/1.1" 200 371 "http://albes.us" "LightspeedSystemsCrawler Mozilla/5.0 (Windows; U; MSIE 9.0; Windows NT 9.0; en-US)" "www.albes.us"
207.200.8.180 - - [30/Nov/2022:04:55:39 -0800] "GET /?C=D;O=D HTTP/1.1" 200 1211 "http://albes.us" "LightspeedSystemsCrawler Mozilla/5.0 (Windows; U; MSIE 9.0; Windows NT 9.0; en-US)" "www.albes.us"
207.200.8.180 - - [30/Nov/2022:04:55:39 -0800] "GET /heatherandjoe/ HTTP/1.1" 200 625 "http://albes.us" "LightspeedSystemsCrawler Mozilla/5.0 (Windows; U; MSIE 9.0; Windows NT 9.0; en-US)" "www.albes.us"
207.200.8.180 - - [30/Nov/2022:04:55:40 -0800] "GET /kd/ HTTP/1.1" 200 601 "http://albes.us" "LightspeedSystemsCrawler Mozilla/5.0 (Windows; U; MSIE 9.0; Windows NT 9.0; en-US)" "www.albes.us"
207.200.8.180 - - [30/Nov/2022:04:55:41 -0800] "GET /wreaths-centerpieces/?C=S;O=A HTTP/1.1" 200 323 "http://albes.us" "LightspeedSystemsCrawler Mozilla/5.0 (Windows; U; MSIE 9.0; Windows NT 9.0; en-US)" "www.albes.us"
207.200.8.180 - - [30/Nov/2022:04:55:41 -0800] "GET /mom2009/ HTTP/1.1" 200 314 "http://albes.us" "LightspeedSystemsCrawler Mozilla/5.0 (Windows; U; MSIE 9.0; Windows NT 9.0; en-US)" "www.albes.us"
207.200.8.180 - - [30/Nov/2022:04:55:42 -0800] "GET /?C=N;O=A HTTP/1.1" 200 1219 "http://albes.us" "LightspeedSystemsCrawler Mozilla/5.0 (Windows; U; MSIE 9.0; Windows NT 9.0; en-US)" "www.albes.us"
207.200.8.180 - - [30/Nov/2022:04:55:42 -0800] "GET /jeffsparty/family2.html HTTP/1.1" 200 646 "http://albes.us" "LightspeedSystemsCrawler Mozilla/5.0 (Windows; U; MSIE 9.0; Windows NT 9.0; en-US)" "www.albes.us"
207.200.8.180 - - [30/Nov/2022:04:55:43 -0800] "GET /pumpkinpatch2010/ HTTP/1.1" 200 746 "http://albes.us" "LightspeedSystemsCrawler Mozilla/5.0 (Windows; U; MSIE 9.0; Windows NT 9.0; en-US)" "www.albes.us"
207.200.8.180 - - [30/Nov/2022:04:55:45 -0800] "GET /?C=S;O=D HTTP/1.1" 200 1217 "http://albes.us" "LightspeedSystemsCrawler Mozilla/5.0 (Windows; U; MSIE 9.0; Windows NT 9.0; en-US)" "www.albes.us"
207.200.8.180 - - [30/Nov/2022:04:55:46 -0800] "GET /pumpkinpatch05/ HTTP/1.1" 200 593 "http://albes.us" "LightspeedSystemsCrawler Mozilla/5.0 (Windows; U; MSIE 9.0; Windows NT 9.0; en-US)" "www.albes.us"
207.200.8.180 - - [30/Nov/2022:04:55:47 -0800] "GET /christmaseve2008/heatherandmark.html HTTP/1.1" 200 405 "http://albes.us" "LightspeedSystemsCrawler Mozilla/5.0 (Windows; U; MSIE 9.0; Windows NT 9.0; en-US)" "www.albes.us"
207.200.8.180 - - [30/Nov/2022:04:55:47 -0800] "GET /hurst/ HTTP/1.1" 200 352 "http://albes.us" "LightspeedSystemsCrawler Mozilla/5.0 (Windows; U; MSIE 9.0; Windows NT 9.0; en-US)" "www.albes.us"
207.200.8.180 - - [30/Nov/2022:04:55:48 -0800] "GET /wreaths-centerpieces/?C=S;O=D HTTP/1.1" 200 321 "http://albes.us" "LightspeedSystemsCrawler Mozilla/5.0 (Windows; U; MSIE 9.0; Windows NT 9.0; en-US)" "www.albes.us"
207.200.8.180 - - [30/Nov/2022:04:55:48 -0800] "GET /jeffsparty/index.html HTTP/1.1" 200 729 "http://albes.us" "LightspeedSystemsCrawler Mozilla/5.0 (Windows; U; MSIE 9.0; Windows NT 9.0; en-US)" "www.albes.us"
207.200.8.180 - - [30/Nov/2022:04:55:48 -0800] "GET /fathersday2006/page0002.html HTTP/1.1" 200 480 "http://albes.us" "LightspeedSystemsCrawler Mozilla/5.0 (Windows; U; MSIE 9.0; Windows NT 9.0; en-US)" "www.albes.us"
207.200.8.180 - - [30/Nov/2022:04:55:49 -0800] "GET /birthdays2006/ HTTP/1.1" 200 538 "http://albes.us" "LightspeedSystemsCrawler Mozilla/5.0 (Windows; U; MSIE 9.0; Windows NT 9.0; en-US)" "www.albes.us"
207.200.8.180 - - [30/Nov/2022:04:55:50 -0800] "GET /whats-up/ HTTP/1.1" 200 353 "http://albes.us" "LightspeedSystemsCrawler Mozilla/5.0 (Windows; U; MSIE 9.0; Windows NT 9.0; en-US)" "www.albes.us"
207.200.8.180 - - [30/Nov/2022:04:55:51 -0800] "GET /pumpkinpatch2009/ HTTP/1.1" 200 589 "http://albes.us" "LightspeedSystemsCrawler Mozilla/5.0 (Windows; U; MSIE 9.0; Windows NT 9.0; en-US)" "www.albes.us"
207.200.8.180 - - [30/Nov/2022:04:55:52 -0800] "GET /wreaths-centerpieces/?C=N;O=A HTTP/1.1" 200 323 "http://albes.us" "LightspeedSystemsCrawler Mozilla/5.0 (Windows; U; MSIE 9.0; Windows NT 9.0; en-US)" "www.albes.us"
207.200.8.180 - - [30/Nov/2022:04:55:53 -0800] "GET /whats-up/?C=S;O=A HTTP/1.1" 200 353 "http://albes.us" "LightspeedSystemsCrawler Mozilla/5.0 (Windows; U; MSIE 9.0; Windows NT 9.0; en-US)" "www.albes.us"
207.200.8.180 - - [30/Nov/2022:04:55:54 -0800] "GET /whats-up/?C=D;O=A HTTP/1.1" 200 353 "http://albes.us" "LightspeedSystemsCrawler Mozilla/5.0 (Windows; U; MSIE 9.0; Windows NT 9.0; en-US)" "www.albes.us"
207.200.8.180 - - [30/Nov/2022:04:55:55 -0800] "GET /whats-up/?C=D;O=D HTTP/1.1" 200 351 "http://albes.us" "LightspeedSystemsCrawler Mozilla/5.0 (Windows; U; MSIE 9.0; Windows NT 9.0; en-US)" "www.albes.us"
207.200.8.180 - - [30/Nov/2022:04:55:55 -0800] "GET /whats-up/cache/ HTTP/1.1" 200 320 "http://albes.us" "LightspeedSystemsCrawler Mozilla/5.0 (Windows; U; MSIE 9.0; Windows NT 9.0; en-US)" "www.albes.us"
207.200.8.180 - - [30/Nov/2022:04:55:56 -0800] "GET /whats-up/cache/?C=D;O=A HTTP/1.1" 200 320 "http://albes.us" "LightspeedSystemsCrawler Mozilla/5.0 (Windows; U; MSIE 9.0; Windows NT 9.0; en-US)" "www.albes.us"
207.200.8.180 - - [30/Nov/2022:04:55:56 -0800] "GET /whats-up/cache/?C=M;O=A HTTP/1.1" 200 320 "http://albes.us" "LightspeedSystemsCrawler Mozilla/5.0 (Windows; U; MSIE 9.0; Windows NT 9.0; en-US)" "www.albes.us"
207.200.8.180 - - [30/Nov/2022:04:55:57 -0800] "GET /whats-up/?C=N;O=A HTTP/1.1" 200 353 "http://albes.us" "LightspeedSystemsCrawler Mozilla/5.0 (Windows; U; MSIE 9.0; Windows NT 9.0; en-US)" "www.albes.us"
207.200.8.180 - - [30/Nov/2022:04:55:57 -0800] "GET /whats-up/cache/?C=M;O=D HTTP/1.1" 200 318 "http://albes.us" "LightspeedSystemsCrawler Mozilla/5.0 (Windows; U; MSIE 9.0; Windows NT 9.0; en-US)" "www.albes.us"
207.200.8.180 - - [30/Nov/2022:04:55:58 -0800] "GET /whats-up/?C=M;O=A HTTP/1.1" 200 352 "http://albes.us" "LightspeedSystemsCrawler Mozilla/5.0 (Windows; U; MSIE 9.0; Windows NT 9.0; en-US)" "www.albes.us"
157.55.39.197 - - [30/Nov/2022:04:57:17 -0800] "GET /kd HTTP/1.1" 301 1406 "-" "Mozilla/5.0 AppleWebKit/537.36 (KHTML, like Gecko; compatible; bingbot/2.0; +http://www.bing.com/bingbot.htm) Chrome/103.0.5060.134 Safari/537.36" "albes.us"
157.55.39.197 - - [30/Nov/2022:04:57:18 -0800] "GET /kd/ HTTP/1.1" 200 601 "-" "Mozilla/5.0 AppleWebKit/537.36 (KHTML, like Gecko; compatible; bingbot/2.0; +http://www.bing.com/bingbot.htm) Chrome/103.0.5060.134 Safari/537.36" "albes.us"
207.200.8.180 - - [30/Nov/2022:05:17:46 -0800] "GET /christmaseve2006/Image8.jpg HTTP/1.1" 200 205042 "-" "LightspeedSystemsCrawler Mozilla/5.0 (Windows; U; MSIE 9.0; Windows NT 9.0; en-US)" "www.albes.us"
207.200.8.180 - - [30/Nov/2022:05:17:48 -0800] "GET /tn_easter2010_07.jpg HTTP/1.1" 404 73 "-" "LightspeedSystemsCrawler Mozilla/5.0 (Windows; U; MSIE 9.0; Windows NT 9.0; en-US)" "www.albes.us"
207.200.8.180 - - [30/Nov/2022:05:17:48 -0800] "GET /christmaseve2006/tn_Image5.jpg HTTP/1.1" 200 24285 "-" "LightspeedSystemsCrawler Mozilla/5.0 (Windows; U; MSIE 9.0; Windows NT 9.0; en-US)" "www.albes.us"
207.200.8.180 - - [30/Nov/2022:05:17:49 -0800] "GET /thumbs/tn_in02.jpg HTTP/1.1" 404 73 "-" "LightspeedSystemsCrawler Mozilla/5.0 (Windows; U; MSIE 9.0; Windows NT 9.0; en-US)" "www.albes.us"
207.200.8.180 - - [30/Nov/2022:05:17:49 -0800] "GET /easter2008/HPIM3475.JPG HTTP/1.1" 200 57984 "-" "LightspeedSystemsCrawler Mozilla/5.0 (Windows; U; MSIE 9.0; Windows NT 9.0; en-US)" "www.albes.us"
207.200.8.180 - - [30/Nov/2022:05:17:51 -0800] "GET /christmaseve2006/Image2.jpg HTTP/1.1" 200 220718 "-" "LightspeedSystemsCrawler Mozilla/5.0 (Windows; U; MSIE 9.0; Windows NT 9.0; en-US)" "www.albes.us"
207.200.8.180 - - [30/Nov/2022:05:17:53 -0800] "GET /dansparty/1.jpg HTTP/1.1" 200 274138 "-" "LightspeedSystemsCrawler Mozilla/5.0 (Windows; U; MSIE 9.0; Windows NT 9.0; en-US)" "www.albes.us"
207.200.8.180 - - [30/Nov/2022:05:17:55 -0800] "GET /christmaseve2009/img00014.jpg HTTP/1.1" 200 20612 "-" "LightspeedSystemsCrawler Mozilla/5.0 (Windows; U; MSIE 9.0; Windows NT 9.0; en-US)" "www.albes.us"
207.200.8.180 - - [30/Nov/2022:05:17:56 -0800] "GET /tn_pumpkins02.jpg HTTP/1.1" 404 73 "-" "LightspeedSystemsCrawler Mozilla/5.0 (Windows; U; MSIE 9.0; Windows NT 9.0; en-US)" "www.albes.us"
207.200.8.180 - - [30/Nov/2022:05:17:56 -0800] "GET /christmaseve2008/img00004.jpg HTTP/1.1" 200 10737 "-" "LightspeedSystemsCrawler Mozilla/5.0 (Windows; U; MSIE 9.0; Windows NT 9.0; en-US)" "www.albes.us"
207.200.8.180 - - [30/Nov/2022:05:17:57 -0800] "GET /tn_HPIM3471.jpg HTTP/1.1" 404 73 "-" "LightspeedSystemsCrawler Mozilla/5.0 (Windows; U; MSIE 9.0; Windows NT 9.0; en-US)" "www.albes.us"
207.200.8.180 - - [30/Nov/2022:05:17:58 -0800] "GET /tn83.jpg HTTP/1.1" 404 73 "-" "LightspeedSystemsCrawler Mozilla/5.0 (Windows; U; MSIE 9.0; Windows NT 9.0; en-US)" "www.albes.us"
207.200.8.180 - - [30/Nov/2022:05:17:58 -0800] "GET /christmaseve2007/tn_Image1.jpg HTTP/1.1" 200 3397 "-" "LightspeedSystemsCrawler Mozilla/5.0 (Windows; U; MSIE 9.0; Windows NT 9.0; en-US)" "www.albes.us"
207.200.8.180 - - [30/Nov/2022:05:17:58 -0800] "GET /heatherandjoe/halie.jpg HTTP/1.1" 200 90593 "-" "LightspeedSystemsCrawler Mozilla/5.0 (Windows; U; MSIE 9.0; Windows NT 9.0; en-US)" "www.albes.us"
207.200.8.180 - - [30/Nov/2022:05:17:59 -0800] "GET /christmaseve2008/img00006.jpg HTTP/1.1" 200 7138 "-" "LightspeedSystemsCrawler Mozilla/5.0 (Windows; U; MSIE 9.0; Windows NT 9.0; en-US)" "www.albes.us"
207.200.8.180 - - [30/Nov/2022:05:17:59 -0800] "GET /easter2010/tn_easter2010_01.jpg HTTP/1.1" 200 6850 "-" "LightspeedSystemsCrawler Mozilla/5.0 (Windows; U; MSIE 9.0; Windows NT 9.0; en-US)" "www.albes.us"
207.200.8.180 - - [30/Nov/2022:05:17:59 -0800] "GET /merrychristmasdiane2007/dog.jpg HTTP/1.1" 200 48152 "-" "LightspeedSystemsCrawler Mozilla/5.0 (Windows; U; MSIE 9.0; Windows NT 9.0; en-US)" "www.albes.us"
207.200.8.180 - - [30/Nov/2022:05:18:01 -0800] "GET /50th/tn_50th06.jpg HTTP/1.1" 200 4488 "-" "LightspeedSystemsCrawler Mozilla/5.0 (Windows; U; MSIE 9.0; Windows NT 9.0; en-US)" "www.albes.us"
207.200.8.180 - - [30/Nov/2022:05:18:01 -0800] "GET /pumpkinpatch2008/pumpkinpickin200804.jpg HTTP/1.1" 200 85211 "-" "LightspeedSystemsCrawler Mozilla/5.0 (Windows; U; MSIE 9.0; Windows NT 9.0; en-US)" "www.albes.us"
157.55.39.197 - - [30/Nov/2022:05:36:40 -0800] "GET /kd HTTP/1.1" 301 1406 "-" "Mozilla/5.0 AppleWebKit/537.36 (KHTML, like Gecko; compatible; bingbot/2.0; +http://www.bing.com/bingbot.htm) Chrome/103.0.5060.134 Safari/537.36" "albes.us"
157.55.39.197 - - [30/Nov/2022:05:36:41 -0800] "GET /kd/ HTTP/1.1" 200 601 "-" "Mozilla/5.0 (compatible; bingbot/2.0; +http://www.bing.com/bingbot.htm)" "albes.us"
51.222.253.2 - - [30/Nov/2022:05:38:53 -0800] "GET /wreaths-centerpieces/?C=D;O=A HTTP/1.1" 200 323 "-" "Mozilla/5.0 (compatible; AhrefsBot/7.0; +http://ahrefs.com/robot/)" "albes.us"
157.55.39.197 - - [30/Nov/2022:06:16:55 -0800] "GET /kd HTTP/1.1" 301 1406 "-" "Mozilla/5.0 AppleWebKit/537.36 (KHTML, like Gecko; compatible; bingbot/2.0; +http://www.bing.com/bingbot.htm) Chrome/103.0.5060.134 Safari/537.36" "albes.us"
157.55.39.197 - - [30/Nov/2022:06:16:56 -0800] "GET /kd/ HTTP/1.1" 200 601 "-" "Mozilla/5.0 (compatible; bingbot/2.0; +http://www.bing.com/bingbot.htm)" "albes.us"
212.71.254.128 - - [30/Nov/2022:06:30:36 -0800] "GET / HTTP/1.1" 200 1219 "-" "Mozilla/5.0 (Windows NT 10.0; Win64; x64) AppleWebKit/537.36 (KHTML, like Gecko) Chrome/83.0.4103.116 Safari/537.36" "albes.us"
157.55.39.197 - - [30/Nov/2022:06:56:17 -0800] "GET /kd HTTP/1.1" 301 1406 "-" "Mozilla/5.0 AppleWebKit/537.36 (KHTML, like Gecko; compatible; bingbot/2.0; +http://www.bing.com/bingbot.htm) Chrome/103.0.5060.134 Safari/537.36" "albes.us"
157.55.39.197 - - [30/Nov/2022:06:56:18 -0800] "GET /kd/ HTTP/1.1" 200 601 "-" "Mozilla/5.0 (compatible; bingbot/2.0; +http://www.bing.com/bingbot.htm)" "albes.us"
212.71.254.128 - - [30/Nov/2022:06:57:49 -0800] "GET / HTTP/1.1" 200 1219 "-" "Mozilla/5.0 (X11; Linux x86_64) AppleWebKit/537.36 (KHTML, like Gecko) Chrome/83.0.4103.97 Safari/537.36" "albes.us"
157.55.39.197 - - [30/Nov/2022:07:36:31 -0800] "GET /kd HTTP/1.1" 301 1406 "-" "Mozilla/5.0 (compatible; bingbot/2.0; +http://www.bing.com/bingbot.htm)" "albes.us"
157.55.39.197 - - [30/Nov/2022:07:36:32 -0800] "GET /kd/ HTTP/1.1" 200 601 "-" "Mozilla/5.0 (compatible; bingbot/2.0; +http://www.bing.com/bingbot.htm)" "albes.us"
51.222.253.16 - - [30/Nov/2022:07:36:51 -0800] "GET /whats-up/ HTTP/1.1" 200 353 "-" "Mozilla/5.0 (compatible; AhrefsBot/7.0; +http://ahrefs.com/robot/)" "albes.us"
157.55.39.197 - - [30/Nov/2022:08:16:35 -0800] "GET /kd HTTP/1.1" 301 1406 "-" "Mozilla/5.0 (compatible; bingbot/2.0; +http://www.bing.com/bingbot.htm)" "albes.us"
157.55.39.197 - - [30/Nov/2022:08:16:36 -0800] "GET /kd/ HTTP/1.1" 200 601 "-" "Mozilla/5.0 AppleWebKit/537.36 (KHTML, like Gecko; compatible; bingbot/2.0; +http://www.bing.com/bingbot.htm) Chrome/103.0.5060.134 Safari/537.36" "albes.us"
194.233.69.10 - - [30/Nov/2022:08:23:18 -0800] "GET /wp-login.php HTTP/1.1" 404 88 "-" "Mozilla/5.0 (Windows NT 10.0; Win64; x64; rv:96.0) Gecko/20100101 Firefox/96" "albes.us"
157.55.39.197 - - [30/Nov/2022:08:56:49 -0800] "GET /kd HTTP/1.1" 301 1406 "-" "Mozilla/5.0 AppleWebKit/537.36 (KHTML, like Gecko; compatible; bingbot/2.0; +http://www.bing.com/bingbot.htm) Chrome/103.0.5060.134 Safari/537.36" "albes.us"
157.55.39.197 - - [30/Nov/2022:08:56:49 -0800] "GET /kd/ HTTP/1.1" 200 601 "-" "Mozilla/5.0 (compatible; bingbot/2.0; +http://www.bing.com/bingbot.htm)" "albes.us"
212.111.40.18 - - [30/Nov/2022:09:15:50 -0800] "GET / HTTP/1.1" 200 1219 "-" "Mozilla/5.0 (Windows NT 10.0; Win64; x64) AppleWebKit/537.36 (KHTML, like Gecko) Chrome/83.0.4103.116 Safari/537.36" "albes.us"
212.111.40.18 - - [30/Nov/2022:09:25:15 -0800] "GET / HTTP/1.1" 200 1219 "-" "Mozilla/5.0 (X11; Linux x86_64) AppleWebKit/537.36 (KHTML, like Gecko) Chrome/83.0.4103.97 Safari/537.36" "albes.us"
157.55.39.197 - - [30/Nov/2022:09:38:14 -0800] "GET /kd HTTP/1.1" 301 1406 "-" "Mozilla/5.0 AppleWebKit/537.36 (KHTML, like Gecko; compatible; bingbot/2.0; +http://www.bing.com/bingbot.htm) Chrome/103.0.5060.134 Safari/537.36" "albes.us"
157.55.39.197 - - [30/Nov/2022:09:38:15 -0800] "GET /kd/ HTTP/1.1" 200 601 "-" "Mozilla/5.0 (compatible; bingbot/2.0; +http://www.bing.com/bingbot.htm)" "albes.us"
113.35.251.98 - - [30/Nov/2022:10:05:19 -0800] "GET / HTTP/1.1" 200 1219 "-" "Python/3.10 aiohttp/3.8.1" "albes.us"
114.119.155.236 - - [30/Nov/2022:10:13:50 -0800] "GET /robots.txt HTTP/1.1" 404 88 "-" "Mozilla/5.0 (compatible;PetalBot;+https://webmaster.petalsearch.com/site/petalbot)" "albes.us"
157.55.39.197 - - [30/Nov/2022:10:16:27 -0800] "GET /kd HTTP/1.1" 301 1406 "-" "Mozilla/5.0 (compatible; bingbot/2.0; +http://www.bing.com/bingbot.htm)" "albes.us"
157.55.39.197 - - [30/Nov/2022:10:16:28 -0800] "GET /kd/ HTTP/1.1" 200 601 "-" "Mozilla/5.0 AppleWebKit/537.36 (KHTML, like Gecko; compatible; bingbot/2.0; +http://www.bing.com/bingbot.htm) Chrome/103.0.5060.134 Safari/537.36" "albes.us"
37.139.53.2 - - [30/Nov/2022:10:49:29 -0800] "GET /logs/access.log HTTP/1.1" 403 239 "https://es.gravatar.com/risperidonasn" "Mozilla/5.0 (Windows NT 10.0; Win64; x64) AppleWebKit/537.36 (KHTML, like Gecko) Chrome/90.0.4430.85 Safari/537.36 Edg/90.0.818.49" "albes.us"
37.139.53.2 - - [30/Nov/2022:10:49:30 -0800] "GET / HTTP/1.1" 200 6711 "https://es.gravatar.com/risperidonasn" "Mozilla/5.0 (Windows NT 10.0; Win64; x64) AppleWebKit/537.36 (KHTML, like Gecko) Chrome/90.0.4430.85 Safari/537.36 Edg/90.0.818.49" "albes.us"
37.139.53.2 - - [30/Nov/2022:10:49:32 -0800] "GET /logs/access.log HTTP/1.1" 403 239 "https://es.gravatar.com/tiocardgenfolosun" "Mozilla/5.0 (Windows NT 10.0) AppleWebKit/537.36 (KHTML, like Gecko) Chrome/90.0.4430.85 Safari/537.36" "albes.us"
37.139.53.2 - - [30/Nov/2022:10:49:33 -0800] "GET / HTTP/1.1" 200 6711 "https://es.gravatar.com/tiocardgenfolosun" "Mozilla/5.0 (Windows NT 10.0) AppleWebKit/537.36 (KHTML, like Gecko) Chrome/90.0.4430.85 Safari/537.36" "albes.us"
157.55.39.197 - - [30/Nov/2022:10:57:31 -0800] "GET /kd HTTP/1.1" 301 1406 "-" "Mozilla/5.0 AppleWebKit/537.36 (KHTML, like Gecko; compatible; bingbot/2.0; +http://www.bing.com/bingbot.htm) Chrome/103.0.5060.134 Safari/537.36" "albes.us"
157.55.39.197 - - [30/Nov/2022:10:57:32 -0800] "GET /kd/ HTTP/1.1" 200 601 "-" "Mozilla/5.0 (compatible; bingbot/2.0; +http://www.bing.com/bingbot.htm)" "albes.us"
157.55.39.197 - - [30/Nov/2022:11:38:14 -0800] "GET /kd HTTP/1.1" 301 1406 "-" "Mozilla/5.0 AppleWebKit/537.36 (KHTML, like Gecko; compatible; bingbot/2.0; +http://www.bing.com/bingbot.htm) Chrome/103.0.5060.134 Safari/537.36" "albes.us"
157.55.39.197 - - [30/Nov/2022:11:38:15 -0800] "GET /kd/ HTTP/1.1" 200 601 "-" "Mozilla/5.0 AppleWebKit/537.36 (KHTML, like Gecko; compatible; bingbot/2.0; +http://www.bing.com/bingbot.htm) Chrome/103.0.5060.134 Safari/537.36" "albes.us"
157.55.39.197 - - [30/Nov/2022:12:18:48 -0800] "GET /kd HTTP/1.1" 301 1406 "-" "Mozilla/5.0 (compatible; bingbot/2.0; +http://www.bing.com/bingbot.htm)" "albes.us"
157.55.39.197 - - [30/Nov/2022:12:18:49 -0800] "GET /kd/ HTTP/1.1" 200 601 "-" "Mozilla/5.0 (compatible; bingbot/2.0; +http://www.bing.com/bingbot.htm)" "albes.us"
157.55.39.197 - - [30/Nov/2022:13:05:33 -0800] "GET /kd HTTP/1.1" 301 1406 "-" "Mozilla/5.0 (compatible; bingbot/2.0; +http://www.bing.com/bingbot.htm)" "albes.us"
157.55.39.197 - - [30/Nov/2022:13:05:35 -0800] "GET /kd/ HTTP/1.1" 200 601 "-" "Mozilla/5.0 AppleWebKit/537.36 (KHTML, like Gecko; compatible; bingbot/2.0; +http://www.bing.com/bingbot.htm) Chrome/103.0.5060.134 Safari/537.36" "albes.us"
157.55.39.197 - - [30/Nov/2022:13:55:48 -0800] "GET /kd HTTP/1.1" 301 1406 "-" "Mozilla/5.0 AppleWebKit/537.36 (KHTML, like Gecko; compatible; bingbot/2.0; +http://www.bing.com/bingbot.htm) Chrome/103.0.5060.134 Safari/537.36" "albes.us"
157.55.39.197 - - [30/Nov/2022:13:55:48 -0800] "GET /kd/ HTTP/1.1" 200 601 "-" "Mozilla/5.0 AppleWebKit/537.36 (KHTML, like Gecko; compatible; bingbot/2.0; +http://www.bing.com/bingbot.htm) Chrome/103.0.5060.134 Safari/537.36" "albes.us"
157.55.39.197 - - [30/Nov/2022:14:44:53 -0800] "GET /kd HTTP/1.1" 301 1406 "-" "Mozilla/5.0 AppleWebKit/537.36 (KHTML, like Gecko; compatible; bingbot/2.0; +http://www.bing.com/bingbot.htm) Chrome/103.0.5060.134 Safari/537.36" "albes.us"
157.55.39.197 - - [30/Nov/2022:14:44:53 -0800] "GET /kd/ HTTP/1.1" 200 601 "-" "Mozilla/5.0 AppleWebKit/537.36 (KHTML, like Gecko; compatible; bingbot/2.0; +http://www.bing.com/bingbot.htm) Chrome/103.0.5060.134 Safari/537.36" "albes.us"
178.79.156.196 - - [30/Nov/2022:15:15:30 -0800] "GET / HTTP/1.1" 200 1219 "-" "Mozilla/5.0 (Windows NT 10.0; Win64; x64) AppleWebKit/537.36 (KHTML, like Gecko) Chrome/83.0.4103.116 Safari/537.36" "albes.us"
178.79.156.196 - - [30/Nov/2022:15:15:31 -0800] "GET / HTTP/1.1" 200 1219 "-" "Mozilla/5.0 (Windows NT 10.0; Win64; x64) AppleWebKit/537.36 (KHTML, like Gecko) Chrome/83.0.4103.116 Safari/537.36" "albes.us"
178.79.156.196 - - [30/Nov/2022:15:19:22 -0800] "GET / HTTP/1.1" 200 1219 "-" "Mozilla/5.0 (X11; Linux x86_64) AppleWebKit/537.36 (KHTML, like Gecko) Chrome/83.0.4103.97 Safari/537.36" "albes.us"
157.55.39.197 - - [30/Nov/2022:15:26:46 -0800] "GET /kd HTTP/1.1" 301 1406 "-" "Mozilla/5.0 AppleWebKit/537.36 (KHTML, like Gecko; compatible; bingbot/2.0; +http://www.bing.com/bingbot.htm) Chrome/103.0.5060.134 Safari/537.36" "albes.us"
157.55.39.197 - - [30/Nov/2022:15:26:47 -0800] "GET /kd/ HTTP/1.1" 200 601 "-" "Mozilla/5.0 (compatible; bingbot/2.0; +http://www.bing.com/bingbot.htm)" "albes.us"
157.55.39.197 - - [30/Nov/2022:16:01:00 -0800] "GET /kd HTTP/1.1" 301 1406 "-" "Mozilla/5.0 AppleWebKit/537.36 (KHTML, like Gecko; compatible; bingbot/2.0; +http://www.bing.com/bingbot.htm) Chrome/103.0.5060.134 Safari/537.36" "albes.us"
157.55.39.197 - - [30/Nov/2022:16:01:01 -0800] "GET /kd/ HTTP/1.1" 200 601 "-" "Mozilla/5.0 AppleWebKit/537.36 (KHTML, like Gecko; compatible; bingbot/2.0; +http://www.bing.com/bingbot.htm) Chrome/103.0.5060.134 Safari/537.36" "albes.us"
51.222.253.9 - - [30/Nov/2022:16:16:48 -0800] "GET /robots.txt HTTP/1.1" 404 88 "-" "Mozilla/5.0 (compatible; AhrefsBot/7.0; +http://ahrefs.com/robot/)" "albes.us"
51.222.253.9 - - [30/Nov/2022:16:16:49 -0800] "GET /?C=N;O=D HTTP/1.1" 200 1211 "-" "Mozilla/5.0 (compatible; AhrefsBot/7.0; +http://ahrefs.com/robot/)" "albes.us"
157.55.39.197 - - [30/Nov/2022:16:31:43 -0800] "GET /kd HTTP/1.1" 301 1406 "-" "Mozilla/5.0 AppleWebKit/537.36 (KHTML, like Gecko; compatible; bingbot/2.0; +http://www.bing.com/bingbot.htm) Chrome/103.0.5060.134 Safari/537.36" "albes.us"
157.55.39.197 - - [30/Nov/2022:16:31:44 -0800] "GET /kd/ HTTP/1.1" 200 601 "-" "Mozilla/5.0 (compatible; bingbot/2.0; +http://www.bing.com/bingbot.htm)" "albes.us"
157.55.39.197 - - [30/Nov/2022:17:01:55 -0800] "GET /kd HTTP/1.1" 301 1406 "-" "Mozilla/5.0 AppleWebKit/537.36 (KHTML, like Gecko; compatible; bingbot/2.0; +http://www.bing.com/bingbot.htm) Chrome/103.0.5060.134 Safari/537.36" "albes.us"
157.55.39.197 - - [30/Nov/2022:17:01:56 -0800] "GET /kd/ HTTP/1.1" 200 601 "-" "Mozilla/5.0 AppleWebKit/537.36 (KHTML, like Gecko; compatible; bingbot/2.0; +http://www.bing.com/bingbot.htm) Chrome/103.0.5060.134 Safari/537.36" "albes.us"
37.139.53.2 - - [30/Nov/2022:17:21:51 -0800] "GET /logs/access.log HTTP/1.1" 403 239 "https://es.gravatar.com/compraratorvastatina40mg" "Mozilla/5.0 (Windows NT 6.3; Win64; x64) AppleWebKit/537.36 (KHTML, like Gecko) Chrome/90.0.4430.72 Safari/537.36 Edg/90.0.818.42" "albes.us"
37.139.53.2 - - [30/Nov/2022:17:21:52 -0800] "GET / HTTP/1.1" 200 6711 "https://es.gravatar.com/compraratorvastatina40mg" "Mozilla/5.0 (Windows NT 6.3; Win64; x64) AppleWebKit/537.36 (KHTML, like Gecko) Chrome/90.0.4430.72 Safari/537.36 Edg/90.0.818.42" "albes.us"
37.139.53.2 - - [30/Nov/2022:17:21:55 -0800] "GET /logs/access.log HTTP/1.1" 403 239 "https://de.gravatar.com/pleacconttivalmore" "Mozilla/5.0 (Windows NT 6.1; Win64; x64) AppleWebKit/537.36 (KHTML, like Gecko) Chrome/90.0.4430.72 Safari/537.36" "albes.us"
37.139.53.2 - - [30/Nov/2022:17:21:55 -0800] "GET / HTTP/1.1" 200 6711 "https://de.gravatar.com/pleacconttivalmore" "Mozilla/5.0 (Windows NT 6.1; Win64; x64) AppleWebKit/537.36 (KHTML, like Gecko) Chrome/90.0.4430.72 Safari/537.36" "albes.us"
157.55.39.197 - - [30/Nov/2022:17:32:08 -0800] "GET /kd HTTP/1.1" 301 1406 "-" "Mozilla/5.0 (compatible; bingbot/2.0; +http://www.bing.com/bingbot.htm)" "albes.us"
157.55.39.197 - - [30/Nov/2022:17:32:09 -0800] "GET /kd/ HTTP/1.1" 200 601 "-" "Mozilla/5.0 AppleWebKit/537.36 (KHTML, like Gecko; compatible; bingbot/2.0; +http://www.bing.com/bingbot.htm) Chrome/103.0.5060.134 Safari/537.36" "albes.us"
157.55.39.197 - - [30/Nov/2022:18:01:30 -0800] "GET /kd HTTP/1.1" 301 1406 "-" "Mozilla/5.0 AppleWebKit/537.36 (KHTML, like Gecko; compatible; bingbot/2.0; +http://www.bing.com/bingbot.htm) Chrome/103.0.5060.134 Safari/537.36" "albes.us"
157.55.39.197 - - [30/Nov/2022:18:01:31 -0800] "GET /kd/ HTTP/1.1" 200 601 "-" "Mozilla/5.0 AppleWebKit/537.36 (KHTML, like Gecko; compatible; bingbot/2.0; +http://www.bing.com/bingbot.htm) Chrome/103.0.5060.134 Safari/537.36" "albes.us"
157.55.39.197 - - [30/Nov/2022:18:31:23 -0800] "GET /kd HTTP/1.1" 301 1406 "-" "Mozilla/5.0 AppleWebKit/537.36 (KHTML, like Gecko; compatible; bingbot/2.0; +http://www.bing.com/bingbot.htm) Chrome/103.0.5060.134 Safari/537.36" "albes.us"
157.55.39.197 - - [30/Nov/2022:18:31:24 -0800] "GET /kd/ HTTP/1.1" 200 601 "-" "Mozilla/5.0 AppleWebKit/537.36 (KHTML, like Gecko; compatible; bingbot/2.0; +http://www.bing.com/bingbot.htm) Chrome/103.0.5060.134 Safari/537.36" "albes.us"
51.222.253.15 - - [30/Nov/2022:18:58:13 -0800] "GET /?C=S;O=A HTTP/1.1" 200 1214 "-" "Mozilla/5.0 (compatible; AhrefsBot/7.0; +http://ahrefs.com/robot/)" "albes.us"
141.95.110.165 - - [30/Nov/2022:18:58:40 -0800] "GET / HTTP/1.1" 200 1219 "-" "Mozilla/5.0 (Windows NT 10.0; Win64; x64; rv:89.0) Gecko/20100101 Firefox/89.0" "albes.us"
157.55.39.197 - - [30/Nov/2022:19:02:06 -0800] "GET /kd HTTP/1.1" 301 1406 "-" "Mozilla/5.0 AppleWebKit/537.36 (KHTML, like Gecko; compatible; bingbot/2.0; +http://www.bing.com/bingbot.htm) Chrome/103.0.5060.134 Safari/537.36" "albes.us"
157.55.39.197 - - [30/Nov/2022:19:02:07 -0800] "GET /kd/ HTTP/1.1" 200 601 "-" "Mozilla/5.0 AppleWebKit/537.36 (KHTML, like Gecko; compatible; bingbot/2.0; +http://www.bing.com/bingbot.htm) Chrome/103.0.5060.134 Safari/537.36" "albes.us"
109.74.204.78 - - [30/Nov/2022:19:30:38 -0800] "GET / HTTP/1.1" 200 1219 "-" "Mozilla/5.0 (Windows NT 10.0; Win64; x64) AppleWebKit/537.36 (KHTML, like Gecko) Chrome/83.0.4103.116 Safari/537.36" "albes.us"
157.55.39.197 - - [30/Nov/2022:19:32:30 -0800] "GET /kd HTTP/1.1" 301 1406 "-" "Mozilla/5.0 AppleWebKit/537.36 (KHTML, like Gecko; compatible; bingbot/2.0; +http://www.bing.com/bingbot.htm) Chrome/103.0.5060.134 Safari/537.36" "albes.us"
157.55.39.197 - - [30/Nov/2022:19:32:30 -0800] "GET /kd/ HTTP/1.1" 200 601 "-" "Mozilla/5.0 (compatible; bingbot/2.0; +http://www.bing.com/bingbot.htm)" "albes.us"
157.55.39.197 - - [30/Nov/2022:20:01:43 -0800] "GET /kd HTTP/1.1" 301 1406 "-" "Mozilla/5.0 AppleWebKit/537.36 (KHTML, like Gecko; compatible; bingbot/2.0; +http://www.bing.com/bingbot.htm) Chrome/103.0.5060.134 Safari/537.36" "albes.us"
157.55.39.197 - - [30/Nov/2022:20:01:44 -0800] "GET /kd/ HTTP/1.1" 200 601 "-" "Mozilla/5.0 AppleWebKit/537.36 (KHTML, like Gecko; compatible; bingbot/2.0; +http://www.bing.com/bingbot.htm) Chrome/103.0.5060.134 Safari/537.36" "albes.us"
51.222.253.14 - - [30/Nov/2022:20:30:25 -0800] "GET /?C=M;O=A HTTP/1.1" 200 1221 "-" "Mozilla/5.0 (compatible; AhrefsBot/7.0; +http://ahrefs.com/robot/)" "albes.us"
157.55.39.197 - - [30/Nov/2022:20:30:35 -0800] "GET /kd HTTP/1.1" 301 1406 "-" "Mozilla/5.0 AppleWebKit/537.36 (KHTML, like Gecko; compatible; bingbot/2.0; +http://www.bing.com/bingbot.htm) Chrome/103.0.5060.134 Safari/537.36" "albes.us"
157.55.39.197 - - [30/Nov/2022:20:30:36 -0800] "GET /kd/ HTTP/1.1" 200 601 "-" "Mozilla/5.0 (compatible; bingbot/2.0; +http://www.bing.com/bingbot.htm)" "albes.us"
157.55.39.197 - - [30/Nov/2022:21:01:09 -0800] "GET /kd HTTP/1.1" 301 1406 "-" "Mozilla/5.0 AppleWebKit/537.36 (KHTML, like Gecko; compatible; bingbot/2.0; +http://www.bing.com/bingbot.htm) Chrome/103.0.5060.134 Safari/537.36" "albes.us"
157.55.39.197 - - [30/Nov/2022:21:01:09 -0800] "GET /kd/ HTTP/1.1" 200 601 "-" "Mozilla/5.0 AppleWebKit/537.36 (KHTML, like Gecko; compatible; bingbot/2.0; +http://www.bing.com/bingbot.htm) Chrome/103.0.5060.134 Safari/537.36" "albes.us"
147.78.47.249 - - [30/Nov/2022:21:09:55 -0800] "GET /_ignition/health-check/ HTTP/1.1" 404 88 "-" "Mozilla/5.0 (Windows NT 10.0; Win64; x64) AppleWebKit/537.36 (KHTML, like Gecko) Chrome/105.0.0.0 Safari/537.36" "albes.us"
147.78.47.249 - - [30/Nov/2022:21:09:57 -0800] "GET /public/_ignition/health-check/ HTTP/1.1" 404 88 "-" "Mozilla/5.0 (Windows NT 10.0; Win64; x64) AppleWebKit/537.36 (KHTML, like Gecko) Chrome/105.0.0.0 Safari/537.36" "albes.us"
147.78.47.249 - - [30/Nov/2022:21:09:59 -0800] "GET /wp-includes/wlwmanifest.xml HTTP/1.1" 404 88 "-" "Mozilla/5.0 (Windows NT 10.0; Win64; x64) AppleWebKit/537.36 (KHTML, like Gecko) Chrome/105.0.0.0 Safari/537.36" "albes.us"
157.55.39.197 - - [30/Nov/2022:21:29:51 -0800] "GET /kd HTTP/1.1" 301 1406 "-" "Mozilla/5.0 AppleWebKit/537.36 (KHTML, like Gecko; compatible; bingbot/2.0; +http://www.bing.com/bingbot.htm) Chrome/103.0.5060.134 Safari/537.36" "albes.us"
157.55.39.197 - - [30/Nov/2022:21:29:52 -0800] "GET /kd/ HTTP/1.1" 200 601 "-" "Mozilla/5.0 AppleWebKit/537.36 (KHTML, like Gecko; compatible; bingbot/2.0; +http://www.bing.com/bingbot.htm) Chrome/103.0.5060.134 Safari/537.36" "albes.us"
51.222.253.16 - - [30/Nov/2022:21:54:54 -0800] "GET /?C=D;O=A HTTP/1.1" 200 1219 "-" "Mozilla/5.0 (compatible; AhrefsBot/7.0; +http://ahrefs.com/robot/)" "albes.us"
157.55.39.197 - - [30/Nov/2022:22:00:55 -0800] "GET /kd HTTP/1.1" 301 1406 "-" "Mozilla/5.0 (compatible; bingbot/2.0; +http://www.bing.com/bingbot.htm)" "albes.us"
157.55.39.197 - - [30/Nov/2022:22:00:56 -0800] "GET /kd/ HTTP/1.1" 200 601 "-" "Mozilla/5.0 AppleWebKit/537.36 (KHTML, like Gecko; compatible; bingbot/2.0; +http://www.bing.com/bingbot.htm) Chrome/103.0.5060.134 Safari/537.36" "albes.us"
157.55.39.197 - - [30/Nov/2022:22:30:37 -0800] "GET /kd HTTP/1.1" 301 1406 "-" "Mozilla/5.0 AppleWebKit/537.36 (KHTML, like Gecko; compatible; bingbot/2.0; +http://www.bing.com/bingbot.htm) Chrome/103.0.5060.134 Safari/537.36" "albes.us"
157.55.39.197 - - [30/Nov/2022:22:30:38 -0800] "GET /kd/ HTTP/1.1" 200 601 "-" "Mozilla/5.0 (compatible; bingbot/2.0; +http://www.bing.com/bingbot.htm)" "albes.us"
157.55.39.197 - - [30/Nov/2022:23:01:11 -0800] "GET /kd HTTP/1.1" 301 1406 "-" "Mozilla/5.0 AppleWebKit/537.36 (KHTML, like Gecko; compatible; bingbot/2.0; +http://www.bing.com/bingbot.htm) Chrome/103.0.5060.134 Safari/537.36" "albes.us"
157.55.39.197 - - [30/Nov/2022:23:01:12 -0800] "GET /kd/ HTTP/1.1" 200 601 "-" "Mozilla/5.0 AppleWebKit/537.36 (KHTML, like Gecko; compatible; bingbot/2.0; +http://www.bing.com/bingbot.htm) Chrome/103.0.5060.134 Safari/537.36" "albes.us"
157.55.39.197 - - [30/Nov/2022:23:32:53 -0800] "GET /kd HTTP/1.1" 301 1406 "-" "Mozilla/5.0 (compatible; bingbot/2.0; +http://www.bing.com/bingbot.htm)" "albes.us"
157.55.39.197 - - [30/Nov/2022:23:32:54 -0800] "GET /kd/ HTTP/1.1" 200 601 "-" "Mozilla/5.0 (compatible; bingbot/2.0; +http://www.bing.com/bingbot.htm)" "albes.us"
37.139.53.2 - - [01/Dec/2022:00:00:39 -0800] "GET /logs/access.log HTTP/1.1" 403 239 "https://fr.gravatar.com/compcemraipupneta" "Mozilla/5.0 (Windows NT 6.1; Win64; x64) AppleWebKit/537.36 (KHTML, like Gecko) Chrome/90.0.4427.0 Safari/537.36" "albes.us"
37.139.53.2 - - [01/Dec/2022:00:00:39 -0800] "GET / HTTP/1.1" 200 6711 "https://fr.gravatar.com/compcemraipupneta" "Mozilla/5.0 (Windows NT 6.1; Win64; x64) AppleWebKit/537.36 (KHTML, like Gecko) Chrome/90.0.4427.0 Safari/537.36" "albes.us"
37.139.53.2 - - [01/Dec/2022:00:00:42 -0800] "GET /logs/access.log HTTP/1.1" 403 239 "https://es.gravatar.com/mysoline250mgne" "Mozilla/5.0 (Windows NT 6.3; Win64; x64) AppleWebKit/537.36 (KHTML, like Gecko) Chrome/90.0.4430.72 Safari/537.36 Edg/90.0.818.42" "albes.us"
37.139.53.2 - - [01/Dec/2022:00:00:42 -0800] "GET / HTTP/1.1" 200 6711 "https://es.gravatar.com/mysoline250mgne" "Mozilla/5.0 (Windows NT 6.3; Win64; x64) AppleWebKit/537.36 (KHTML, like Gecko) Chrome/90.0.4430.72 Safari/537.36 Edg/90.0.818.42" "albes.us"
157.55.39.197 - - [01/Dec/2022:00:02:16 -0800] "GET /kd HTTP/1.1" 301 1406 "-" "Mozilla/5.0 AppleWebKit/537.36 (KHTML, like Gecko; compatible; bingbot/2.0; +http://www.bing.com/bingbot.htm) Chrome/103.0.5060.134 Safari/537.36" "albes.us"
157.55.39.197 - - [01/Dec/2022:00:02:17 -0800] "GET /kd/ HTTP/1.1" 200 601 "-" "Mozilla/5.0 AppleWebKit/537.36 (KHTML, like Gecko; compatible; bingbot/2.0; +http://www.bing.com/bingbot.htm) Chrome/103.0.5060.134 Safari/537.36" "albes.us"
157.55.39.197 - - [01/Dec/2022:00:31:59 -0800] "GET /kd HTTP/1.1" 301 1406 "-" "Mozilla/5.0 (compatible; bingbot/2.0; +http://www.bing.com/bingbot.htm)" "albes.us"
157.55.39.197 - - [01/Dec/2022:00:32:00 -0800] "GET /kd/ HTTP/1.1" 200 601 "-" "Mozilla/5.0 (compatible; bingbot/2.0; +http://www.bing.com/bingbot.htm)" "albes.us"
216.244.66.198 - - [01/Dec/2022:00:54:26 -0800] "GET /robots.txt HTTP/1.1" 404 73 "-" "Mozilla/5.0 (compatible; DotBot/1.2; +https://opensiteexplorer.org/dotbot; help@moz.com)" "albes.us"
157.55.39.197 - - [01/Dec/2022:01:14:33 -0800] "GET /kd HTTP/1.1" 301 1406 "-" "Mozilla/5.0 AppleWebKit/537.36 (KHTML, like Gecko; compatible; bingbot/2.0; +http://www.bing.com/bingbot.htm) Chrome/103.0.5060.134 Safari/537.36" "albes.us"
157.55.39.197 - - [01/Dec/2022:01:14:34 -0800] "GET /kd/ HTTP/1.1" 200 601 "-" "Mozilla/5.0 AppleWebKit/537.36 (KHTML, like Gecko; compatible; bingbot/2.0; +http://www.bing.com/bingbot.htm) Chrome/103.0.5060.134 Safari/537.36" "albes.us"
157.55.39.197 - - [01/Dec/2022:01:32:14 -0800] "GET /kd HTTP/1.1" 301 1406 "-" "Mozilla/5.0 AppleWebKit/537.36 (KHTML, like Gecko; compatible; bingbot/2.0; +http://www.bing.com/bingbot.htm) Chrome/103.0.5060.134 Safari/537.36" "albes.us"
157.55.39.197 - - [01/Dec/2022:01:32:15 -0800] "GET /kd/ HTTP/1.1" 200 601 "-" "Mozilla/5.0 AppleWebKit/537.36 (KHTML, like Gecko; compatible; bingbot/2.0; +http://www.bing.com/bingbot.htm) Chrome/103.0.5060.134 Safari/537.36" "albes.us"
157.55.39.197 - - [01/Dec/2022:02:02:07 -0800] "GET /kd HTTP/1.1" 301 1406 "-" "Mozilla/5.0 (compatible; bingbot/2.0; +http://www.bing.com/bingbot.htm)" "albes.us"
157.55.39.197 - - [01/Dec/2022:02:02:08 -0800] "GET /kd/ HTTP/1.1" 200 601 "-" "Mozilla/5.0 AppleWebKit/537.36 (KHTML, like Gecko; compatible; bingbot/2.0; +http://www.bing.com/bingbot.htm) Chrome/103.0.5060.134 Safari/537.36" "albes.us"
95.163.255.8 - - [01/Dec/2022:02:33:32 -0800] "GET /robots.txt HTTP/1.1" 404 73 "-" "Mozilla/5.0 (compatible; Linux x86_64; Mail.RU_Bot/2.0; +https://help.mail.ru/webmaster/indexing/robots)" "albes.us"
95.163.255.2 - - [01/Dec/2022:02:33:35 -0800] "GET / HTTP/1.1" 200 1219 "-" "Mozilla/5.0 (compatible; Linux x86_64; Mail.RU_Bot/2.0; +https://help.mail.ru/webmaster/indexing/robots)" "albes.us"
157.55.39.197 - - [01/Dec/2022:02:34:00 -0800] "GET /kd HTTP/1.1" 301 1406 "-" "Mozilla/5.0 AppleWebKit/537.36 (KHTML, like Gecko; compatible; bingbot/2.0; +http://www.bing.com/bingbot.htm) Chrome/103.0.5060.134 Safari/537.36" "albes.us"
157.55.39.197 - - [01/Dec/2022:02:34:01 -0800] "GET /kd/ HTTP/1.1" 200 601 "-" "Mozilla/5.0 (compatible; bingbot/2.0; +http://www.bing.com/bingbot.htm)" "albes.us"
51.222.253.2 - - [01/Dec/2022:02:35:07 -0800] "GET /robots.txt HTTP/1.1" 404 88 "-" "Mozilla/5.0 (compatible; AhrefsBot/7.0; +http://ahrefs.com/robot/)" "albes.us"
51.222.253.11 - - [01/Dec/2022:02:35:08 -0800] "GET /?C=D;O=A HTTP/1.1" 200 1219 "-" "Mozilla/5.0 (compatible; AhrefsBot/7.0; +http://ahrefs.com/robot/)" "albes.us"
157.55.39.197 - - [01/Dec/2022:02:43:30 -0800] "GET /DSC00770.JPG HTTP/1.1" 200 524288 "-" "Mozilla/5.0 (compatible; bingbot/2.0; +http://www.bing.com/bingbot.htm)" "albes.us"
157.55.39.197 - - [01/Dec/2022:03:03:43 -0800] "GET /kd HTTP/1.1" 301 1406 "-" "Mozilla/5.0 (compatible; bingbot/2.0; +http://www.bing.com/bingbot.htm)" "albes.us"
157.55.39.197 - - [01/Dec/2022:03:03:44 -0800] "GET /kd/ HTTP/1.1" 200 601 "-" "Mozilla/5.0 (compatible; bingbot/2.0; +http://www.bing.com/bingbot.htm)" "albes.us"
34.136.16.212 - - [01/Dec/2022:03:22:31 -0800] "GET / HTTP/1.1" 200 1219 "-" "Mozilla/5.0 (X11; Linux x86_64) AppleWebKit/537.36 (KHTML, like Gecko) Chrome/57.0.2987.110 Safari/537.36" "albes.us"
157.55.39.197 - - [01/Dec/2022:03:32:46 -0800] "GET /kd HTTP/1.1" 301 1406 "-" "Mozilla/5.0 (compatible; bingbot/2.0; +http://www.bing.com/bingbot.htm)" "albes.us"
157.55.39.197 - - [01/Dec/2022:03:32:47 -0800] "GET /kd/ HTTP/1.1" 200 601 "-" "Mozilla/5.0 AppleWebKit/537.36 (KHTML, like Gecko; compatible; bingbot/2.0; +http://www.bing.com/bingbot.htm) Chrome/103.0.5060.134 Safari/537.36" "albes.us"
54.200.239.238 - - [01/Dec/2022:03:34:30 -0800] "GET / HTTP/1.1" 200 1219 "-" "Mozilla/5.0 (X11; Linux x86_64) AppleWebKit/537.36 (KHTML, like Gecko) Chrome/83.0.4103.97 Safari/537.36" "albes.us"
54.185.148.102 - - [01/Dec/2022:03:34:30 -0800] "GET / HTTP/1.1" 200 1219 "-" "Mozilla/5.0 (X11; Linux x86_64) AppleWebKit/537.36 (KHTML, like Gecko) Chrome/83.0.4103.97 Safari/537.36" "albes.us"
54.148.79.59 - - [01/Dec/2022:03:34:39 -0800] "GET /favicon.ico HTTP/1.1" 404 88 "-" "Mozilla/5.0 (X11; Linux x86_64) AppleWebKit/537.36 (KHTML, like Gecko) Chrome/83.0.4103.97 Safari/537.36" "albes.us"
54.148.79.59 - - [01/Dec/2022:03:34:42 -0800] "GET / HTTP/1.1" 200 1219 "-" "Mozilla/5.0 (X11; Linux x86_64) AppleWebKit/537.36 (KHTML, like Gecko) Chrome/83.0.4103.97 Safari/537.36" "albes.us"
35.163.137.118 - - [01/Dec/2022:03:35:00 -0800] "GET /favicon.ico HTTP/1.1" 404 88 "-" "Mozilla/5.0 (X11; Linux x86_64) AppleWebKit/537.36 (KHTML, like Gecko) Chrome/83.0.4103.97 Safari/537.36" "albes.us"
35.163.137.118 - - [01/Dec/2022:03:35:02 -0800] "GET / HTTP/1.1" 200 1219 "-" "Mozilla/5.0 (X11; Linux x86_64) AppleWebKit/537.36 (KHTML, like Gecko) Chrome/83.0.4103.97 Safari/537.36" "albes.us"
51.222.253.16 - - [01/Dec/2022:04:31:36 -0800] "GET /?C=S;O=A HTTP/1.1" 200 1214 "-" "Mozilla/5.0 (compatible; AhrefsBot/7.0; +http://ahrefs.com/robot/)" "albes.us"
114.119.136.196 - - [01/Dec/2022:04:31:56 -0800] "GET /robots.txt HTTP/1.1" 404 88 "-" "Mozilla/5.0 (compatible;PetalBot;+https://webmaster.petalsearch.com/site/petalbot)" "albes.us"
157.55.39.197 - - [01/Dec/2022:04:32:52 -0800] "GET /kd HTTP/1.1" 301 1406 "-" "Mozilla/5.0 (compatible; bingbot/2.0; +http://www.bing.com/bingbot.htm)" "albes.us"
157.55.39.197 - - [01/Dec/2022:04:32:53 -0800] "GET /kd/ HTTP/1.1" 200 601 "-" "Mozilla/5.0 AppleWebKit/537.36 (KHTML, like Gecko; compatible; bingbot/2.0; +http://www.bing.com/bingbot.htm) Chrome/103.0.5060.134 Safari/537.36" "albes.us"
157.55.39.197 - - [01/Dec/2022:05:04:05 -0800] "GET /kd HTTP/1.1" 301 1406 "-" "Mozilla/5.0 (compatible; bingbot/2.0; +http://www.bing.com/bingbot.htm)" "albes.us"
157.55.39.197 - - [01/Dec/2022:05:04:06 -0800] "GET /kd/ HTTP/1.1" 200 601 "-" "Mozilla/5.0 (compatible; bingbot/2.0; +http://www.bing.com/bingbot.htm)" "albes.us"
54.36.148.162 - - [01/Dec/2022:05:28:37 -0800] "GET /robots.txt HTTP/1.1" 404 88 "-" "Mozilla/5.0 (compatible; AhrefsBot/7.0; +http://ahrefs.com/robot/)" "albes.us"
51.222.253.2 - - [01/Dec/2022:05:28:38 -0800] "GET /whats-up/?C=M;O=A HTTP/1.1" 200 352 "-" "Mozilla/5.0 (compatible; AhrefsBot/7.0; +http://ahrefs.com/robot/)" "albes.us"
157.55.39.197 - - [01/Dec/2022:05:34:38 -0800] "GET /kd HTTP/1.1" 301 1406 "-" "Mozilla/5.0 (compatible; bingbot/2.0; +http://www.bing.com/bingbot.htm)" "albes.us"
157.55.39.197 - - [01/Dec/2022:05:34:39 -0800] "GET /kd/ HTTP/1.1" 200 601 "-" "Mozilla/5.0 AppleWebKit/537.36 (KHTML, like Gecko; compatible; bingbot/2.0; +http://www.bing.com/bingbot.htm) Chrome/103.0.5060.134 Safari/537.36" "albes.us"
207.46.13.231 - - [01/Dec/2022:06:03:02 -0800] "GET /robots.txt HTTP/1.1" 404 88 "-" "Mozilla/5.0 (compatible; bingbot/2.0; +http://www.bing.com/bingbot.htm)" "albes.us"
207.46.13.231 - - [01/Dec/2022:06:03:02 -0800] "GET /robots.txt HTTP/1.1" 404 88 "-" "Mozilla/5.0 (compatible; bingbot/2.0; +http://www.bing.com/bingbot.htm)" "albes.us"
157.55.39.197 - - [01/Dec/2022:06:03:11 -0800] "GET /kd HTTP/1.1" 301 1406 "-" "Mozilla/5.0 (compatible; bingbot/2.0; +http://www.bing.com/bingbot.htm)" "albes.us"
157.55.39.197 - - [01/Dec/2022:06:03:12 -0800] "GET /kd/ HTTP/1.1" 200 601 "-" "Mozilla/5.0 (compatible; bingbot/2.0; +http://www.bing.com/bingbot.htm)" "albes.us"
51.222.253.14 - - [01/Dec/2022:06:27:36 -0800] "GET /whats-up/cache/ HTTP/1.1" 200 320 "-" "Mozilla/5.0 (compatible; AhrefsBot/7.0; +http://ahrefs.com/robot/)" "albes.us"
157.55.39.197 - - [01/Dec/2022:06:32:43 -0800] "GET /kd HTTP/1.1" 301 1406 "-" "Mozilla/5.0 AppleWebKit/537.36 (KHTML, like Gecko; compatible; bingbot/2.0; +http://www.bing.com/bingbot.htm) Chrome/103.0.5060.134 Safari/537.36" "albes.us"
157.55.39.197 - - [01/Dec/2022:06:32:44 -0800] "GET /kd/ HTTP/1.1" 200 601 "-" "Mozilla/5.0 AppleWebKit/537.36 (KHTML, like Gecko; compatible; bingbot/2.0; +http://www.bing.com/bingbot.htm) Chrome/103.0.5060.134 Safari/537.36" "albes.us"
37.139.53.2 - - [01/Dec/2022:06:47:49 -0800] "GET /logs/access.log HTTP/1.1" 403 239 "https://fr.gravatar.com/ctiveltiocleavumla" "Mozilla/5.0 (Windows NT 10.0; Win64; x64) AppleWebKit/537.36 (KHTML, like Gecko) Chrome/90.0.4430.72 Safari/537.36" "albes.us"
37.139.53.2 - - [01/Dec/2022:06:47:49 -0800] "GET / HTTP/1.1" 200 6711 "https://fr.gravatar.com/ctiveltiocleavumla" "Mozilla/5.0 (Windows NT 10.0; Win64; x64) AppleWebKit/537.36 (KHTML, like Gecko) Chrome/90.0.4430.72 Safari/537.36" "albes.us"
37.139.53.2 - - [01/Dec/2022:06:47:52 -0800] "GET /logs/access.log HTTP/1.1" 403 239 "https://fr.gravatar.com/linezolide600mgkx" "Mozilla/5.0 (Windows NT 6.3; Win64; x64) AppleWebKit/537.36 (KHTML, like Gecko) Chrome/90.0.4430.85 Safari/537.36" "albes.us"
37.139.53.2 - - [01/Dec/2022:06:47:52 -0800] "GET / HTTP/1.1" 200 6711 "https://fr.gravatar.com/linezolide600mgkx" "Mozilla/5.0 (Windows NT 6.3; Win64; x64) AppleWebKit/537.36 (KHTML, like Gecko) Chrome/90.0.4430.85 Safari/537.36" "albes.us"
114.119.136.190 - - [01/Dec/2022:07:01:14 -0800] "GET /robots.txt HTTP/1.1" 404 88 "-" "Mozilla/5.0 (compatible;PetalBot;+https://webmaster.petalsearch.com/site/petalbot)" "albes.us"
157.55.39.197 - - [01/Dec/2022:07:04:27 -0800] "GET /kd HTTP/1.1" 301 1406 "-" "Mozilla/5.0 AppleWebKit/537.36 (KHTML, like Gecko; compatible; bingbot/2.0; +http://www.bing.com/bingbot.htm) Chrome/103.0.5060.134 Safari/537.36" "albes.us"
157.55.39.197 - - [01/Dec/2022:07:04:28 -0800] "GET /kd/ HTTP/1.1" 200 601 "-" "Mozilla/5.0 (compatible; bingbot/2.0; +http://www.bing.com/bingbot.htm)" "albes.us"
51.222.253.10 - - [01/Dec/2022:07:51:26 -0800] "GET /whats-up/?C=S;O=A HTTP/1.1" 200 353 "-" "Mozilla/5.0 (compatible; AhrefsBot/7.0; +http://ahrefs.com/robot/)" "albes.us"
51.222.253.4 - - [01/Dec/2022:08:48:39 -0800] "GET /whats-up/?C=D;O=A HTTP/1.1" 200 353 "-" "Mozilla/5.0 (compatible; AhrefsBot/7.0; +http://ahrefs.com/robot/)" "albes.us"
51.222.253.8 - - [01/Dec/2022:09:35:30 -0800] "GET /whats-up/?C=N;O=A HTTP/1.1" 200 353 "-" "Mozilla/5.0 (compatible; AhrefsBot/7.0; +http://ahrefs.com/robot/)" "albes.us"
54.36.149.90 - - [01/Dec/2022:10:09:40 -0800] "GET /robots.txt HTTP/1.1" 404 88 "-" "Mozilla/5.0 (compatible; AhrefsBot/7.0; +http://ahrefs.com/robot/)" "www.albes.us"
51.222.253.9 - - [01/Dec/2022:10:09:41 -0800] "GET /?C=S;O=A HTTP/1.1" 200 1214 "-" "Mozilla/5.0 (compatible; AhrefsBot/7.0; +http://ahrefs.com/robot/)" "www.albes.us"
51.222.253.10 - - [01/Dec/2022:10:44:33 -0800] "GET /?C=M;O=A HTTP/1.1" 200 1221 "-" "Mozilla/5.0 (compatible; AhrefsBot/7.0; +http://ahrefs.com/robot/)" "www.albes.us"
51.222.253.10 - - [01/Dec/2022:11:17:09 -0800] "GET /whats-up/cache/?C=M;O=A HTTP/1.1" 200 320 "-" "Mozilla/5.0 (compatible; AhrefsBot/7.0; +http://ahrefs.com/robot/)" "albes.us"
194.38.20.161 - - [01/Dec/2022:11:48:03 -0800] "GET /sites/all/libraries/elfinder/php/connector.php HTTP/1.1" 404 73 "-" "ALittle Client" "albes.us"
51.222.253.14 - - [01/Dec/2022:12:25:45 -0800] "GET /?C=D;O=A HTTP/1.1" 200 1219 "-" "Mozilla/5.0 (compatible; AhrefsBot/7.0; +http://ahrefs.com/robot/)" "www.albes.us"
141.95.110.165 - - [01/Dec/2022:12:57:11 -0800] "GET / HTTP/1.1" 200 1219 "-" "Mozilla/5.0 (Windows NT 10.0; Win64; x64; rv:89.0) Gecko/20100101 Firefox/89.0" "albes.us"
37.139.53.2 - - [01/Dec/2022:13:53:29 -0800] "GET /logs/access.log HTTP/1.1" 403 239 "https://es.gravatar.com/elimite30mgmqb" "Mozilla/5.0 (Windows NT 6.3; Win64; x64) AppleWebKit/537.36 (KHTML, like Gecko) Chrome/90.0.4430.85 Safari/537.36 Edg/90.0.818.49" "albes.us"
37.139.53.2 - - [01/Dec/2022:13:53:29 -0800] "GET / HTTP/1.1" 200 6711 "https://es.gravatar.com/elimite30mgmqb" "Mozilla/5.0 (Windows NT 6.3; Win64; x64) AppleWebKit/537.36 (KHTML, like Gecko) Chrome/90.0.4430.85 Safari/537.36 Edg/90.0.818.49" "albes.us"
37.139.53.2 - - [01/Dec/2022:13:53:32 -0800] "GET /logs/access.log HTTP/1.1" 403 239 "https://fr.gravatar.com/achatsymmetrel100mgsurlenet" "Mozilla/5.0 (Windows NT 6.3) AppleWebKit/537.36 (KHTML, like Gecko) Chrome/90.0.4430.72 Safari/537.36" "albes.us"
37.139.53.2 - - [01/Dec/2022:13:53:32 -0800] "GET / HTTP/1.1" 200 6711 "https://fr.gravatar.com/achatsymmetrel100mgsurlenet" "Mozilla/5.0 (Windows NT 6.3) AppleWebKit/537.36 (KHTML, like Gecko) Chrome/90.0.4430.72 Safari/537.36" "albes.us"
114.119.137.134 - - [01/Dec/2022:13:54:08 -0800] "GET /rosymaplemoth HTTP/1.1" 301 1408 "-" "Mozilla/5.0 (Linux; Android 7.0;) AppleWebKit/537.36 (KHTML, like Gecko) Mobile Safari/537.36 (compatible; PetalBot;+https://webmaster.petalsearch.com/site/petalbot)" "albes.us"
114.119.137.134 - - [01/Dec/2022:13:54:18 -0800] "GET /rosymaplemoth/ HTTP/1.1" 200 689 "-" "Mozilla/5.0 (Linux; Android 7.0;) AppleWebKit/537.36 (KHTML, like Gecko) Mobile Safari/537.36 (compatible; PetalBot;+https://webmaster.petalsearch.com/site/petalbot)" "albes.us"
51.222.253.9 - - [01/Dec/2022:14:14:41 -0800] "GET /whats-up/cache/?C=S;O=A HTTP/1.1" 200 320 "-" "Mozilla/5.0 (compatible; AhrefsBot/7.0; +http://ahrefs.com/robot/)" "albes.us"
138.246.253.24 - - [01/Dec/2022:15:21:45 -0800] "GET /robots.txt HTTP/1.1" 404 73 "-" "Mozilla/5.0 (Windows NT 10.0; Win64; x64) AppleWebKit/537.36 (KHTML, like Gecko) Chrome/103.0.5060.134 Safari/537.36" "albes.us"
114.119.138.5 - - [01/Dec/2022:15:30:27 -0800] "GET /dansparty HTTP/1.1" 301 1407 "-" "Mozilla/5.0 (Linux; Android 7.0;) AppleWebKit/537.36 (KHTML, like Gecko) Mobile Safari/537.36 (compatible; PetalBot;+https://webmaster.petalsearch.com/site/petalbot)" "albes.us"
114.119.138.5 - - [01/Dec/2022:15:30:37 -0800] "GET /dansparty/ HTTP/1.1" 200 524 "-" "Mozilla/5.0 (Linux; Android 7.0;) AppleWebKit/537.36 (KHTML, like Gecko) Mobile Safari/537.36 (compatible; PetalBot;+https://webmaster.petalsearch.com/site/petalbot)" "albes.us"
51.222.253.9 - - [01/Dec/2022:15:42:31 -0800] "GET /whats-up/ HTTP/1.1" 200 353 "-" "Mozilla/5.0 (compatible; AhrefsBot/7.0; +http://ahrefs.com/robot/)" "www.albes.us"
