157.55.39.30 - - [20/Nov/2022:12:47:46 -0800] "GET / HTTP/1.1" 200 1219 "-" "Mozilla/5.0 AppleWebKit/537.36 (KHTML, like Gecko; compatible; bingbot/2.0; +http://www.bing.com/bingbot.htm) Chrome/103.0.5060.134 Safari/537.36" "albes.us"
77.88.9.139 - - [20/Nov/2022:13:44:15 -0800] "GET /robots.txt HTTP/1.1" 404 73 "-" "Mozilla/5.0 (compatible; YandexBot/3.0; +http://yandex.com/bots)" "www.albes.us"
77.88.9.140 - - [20/Nov/2022:13:44:18 -0800] "GET /robots.txt HTTP/1.1" 404 73 "-" "Mozilla/5.0 (compatible; YandexBot/3.0; +http://yandex.com/bots)" "albes.us"
77.88.9.131 - - [20/Nov/2022:13:44:19 -0800] "GET / HTTP/1.1" 200 1219 "-" "Mozilla/5.0 (compatible; YandexBot/3.0; +http://yandex.com/bots)" "www.albes.us"
77.88.9.140 - - [20/Nov/2022:13:44:22 -0800] "GET / HTTP/1.1" 200 1219 "-" "Mozilla/5.0 (compatible; YandexBot/3.0; +http://yandex.com/bots)" "albes.us"
194.38.20.161 - - [20/Nov/2022:14:31:20 -0800] "GET / HTTP/1.1" 200 6711 "-" "ALittle Client" "albes.us"
207.46.13.231 - - [20/Nov/2022:15:01:59 -0800] "GET /robots.txt HTTP/1.1" 404 88 "-" "Mozilla/5.0 (compatible; bingbot/2.0; +http://www.bing.com/bingbot.htm)" "albes.us"
207.46.13.231 - - [20/Nov/2022:15:01:59 -0800] "GET /robots.txt HTTP/1.1" 404 88 "-" "Mozilla/5.0 (compatible; bingbot/2.0; +http://www.bing.com/bingbot.htm)" "albes.us"
157.55.39.129 - - [20/Nov/2022:15:02:07 -0800] "GET / HTTP/1.1" 200 1219 "-" "Mozilla/5.0 (compatible; bingbot/2.0; +http://www.bing.com/bingbot.htm)" "albes.us"
157.55.39.129 - - [20/Nov/2022:16:00:42 -0800] "GET / HTTP/1.1" 200 1219 "-" "Mozilla/5.0 (compatible; bingbot/2.0; +http://www.bing.com/bingbot.htm)" "www.albes.us"
74.84.150.150 - - [20/Nov/2022:16:53:39 -0800] "GET /robots.txt HTTP/1.1" 404 88 "-" "test" "albes.us"
74.84.150.150 - - [20/Nov/2022:16:53:39 -0800] "GET / HTTP/1.1" 200 1219 "-" "test" "albes.us"
51.38.113.53 - - [20/Nov/2022:19:02:19 -0800] "GET /wp-login.php HTTP/1.1" 404 88 "-" "Mozilla/5.0 (Windows NT 10.0; Win64; x64; rv:96.0) Gecko/20100101 Firefox/96" "albes.us"
114.119.147.42 - - [20/Nov/2022:19:31:18 -0800] "GET /robots.txt HTTP/1.1" 404 88 "-" "Mozilla/5.0 (compatible;PetalBot;+https://webmaster.petalsearch.com/site/petalbot)" "albes.us"
68.69.184.202 - - [20/Nov/2022:21:57:46 -0800] "GET /robots.txt HTTP/1.1" 404 88 "-" "test" "albes.us"
74.84.150.150 - - [20/Nov/2022:21:57:46 -0800] "GET / HTTP/1.1" 200 1219 "-" "test" "albes.us"
54.36.148.252 - - [20/Nov/2022:22:15:41 -0800] "GET /robots.txt HTTP/1.1" 404 88 "-" "Mozilla/5.0 (compatible; AhrefsBot/7.0; +http://ahrefs.com/robot/)" "albes.us"
40.77.167.97 - - [21/Nov/2022:00:01:26 -0800] "GET /robots.txt HTTP/1.1" 404 88 "-" "Mozilla/5.0 AppleWebKit/537.36 (KHTML, like Gecko; compatible; bingbot/2.0; +http://www.bing.com/bingbot.htm) Chrome/103.0.5060.134 Safari/537.36" "albes.us"
157.55.39.129 - - [21/Nov/2022:00:01:30 -0800] "GET /wreaths-centerpieces/ HTTP/1.1" 200 323 "-" "Mozilla/5.0 (compatible; bingbot/2.0; +http://www.bing.com/bingbot.htm)" "albes.us"
207.46.13.231 - - [21/Nov/2022:01:04:49 -0800] "GET /robots.txt HTTP/1.1" 404 88 "-" "Mozilla/5.0 AppleWebKit/537.36 (KHTML, like Gecko; compatible; bingbot/2.0; +http://www.bing.com/bingbot.htm) Chrome/103.0.5060.134 Safari/537.36" "albes.us"
207.46.13.231 - - [21/Nov/2022:01:04:49 -0800] "GET /robots.txt HTTP/1.1" 404 88 "-" "Mozilla/5.0 AppleWebKit/537.36 (KHTML, like Gecko; compatible; bingbot/2.0; +http://www.bing.com/bingbot.htm) Chrome/103.0.5060.134 Safari/537.36" "albes.us"
157.55.39.129 - - [21/Nov/2022:01:04:57 -0800] "GET / HTTP/1.1" 200 1219 "-" "Mozilla/5.0 (compatible; bingbot/2.0; +http://www.bing.com/bingbot.htm)" "albes.us"
195.191.219.132 - - [21/Nov/2022:01:14:33 -0800] "GET /robots.txt HTTP/1.1" 404 73 "-" "Mozilla/5.0 (compatible; MJ12bot/v1.4.8; http://mj12bot.com/)" "albes.us"
195.191.219.132 - - [21/Nov/2022:01:14:35 -0800] "GET / HTTP/1.1" 200 1219 "-" "Mozilla/5.0 (compatible; MJ12bot/v1.4.8; http://mj12bot.com/)" "albes.us"
157.55.39.30 - - [21/Nov/2022:01:22:19 -0800] "GET /pumpkinpatch2009/ HTTP/1.1" 200 589 "-" "Mozilla/5.0 (compatible; bingbot/2.0; +http://www.bing.com/bingbot.htm)" "www.albes.us"
147.78.47.249 - - [21/Nov/2022:01:38:33 -0800] "GET /_ignition/health-check/ HTTP/1.1" 404 88 "-" "Mozilla/5.0 (Windows NT 10.0; Win64; x64) AppleWebKit/537.36 (KHTML, like Gecko) Chrome/105.0.0.0 Safari/537.36" "albes.us"
147.78.47.249 - - [21/Nov/2022:01:38:35 -0800] "GET /public/_ignition/health-check/ HTTP/1.1" 404 88 "-" "Mozilla/5.0 (Windows NT 10.0; Win64; x64) AppleWebKit/537.36 (KHTML, like Gecko) Chrome/105.0.0.0 Safari/537.36" "albes.us"
147.78.47.249 - - [21/Nov/2022:01:38:38 -0800] "GET /wp-includes/wlwmanifest.xml HTTP/1.1" 404 88 "-" "Mozilla/5.0 (Windows NT 10.0; Win64; x64) AppleWebKit/537.36 (KHTML, like Gecko) Chrome/105.0.0.0 Safari/537.36" "albes.us"
157.55.39.129 - - [21/Nov/2022:03:01:38 -0800] "GET / HTTP/1.1" 200 1219 "-" "Mozilla/5.0 AppleWebKit/537.36 (KHTML, like Gecko; compatible; bingbot/2.0; +http://www.bing.com/bingbot.htm) Chrome/103.0.5060.134 Safari/537.36" "www.albes.us"
34.211.113.33 - - [21/Nov/2022:03:17:49 -0800] "GET / HTTP/1.1" 200 1219 "-" "Mozilla/5.0 (X11; Linux x86_64) AppleWebKit/537.36 (KHTML, like Gecko) Chrome/83.0.4103.97 Safari/537.36" "albes.us"
54.186.172.187 - - [21/Nov/2022:03:17:50 -0800] "GET / HTTP/1.1" 200 1219 "-" "Mozilla/5.0 (X11; Linux x86_64) AppleWebKit/537.36 (KHTML, like Gecko) Chrome/83.0.4103.97 Safari/537.36" "albes.us"
34.219.231.236 - - [21/Nov/2022:03:17:55 -0800] "GET /favicon.ico HTTP/1.1" 404 88 "-" "Mozilla/5.0 (X11; Linux x86_64) AppleWebKit/537.36 (KHTML, like Gecko) Chrome/83.0.4103.97 Safari/537.36" "albes.us"
34.219.231.236 - - [21/Nov/2022:03:17:55 -0800] "GET / HTTP/1.1" 200 1219 "-" "Mozilla/5.0 (X11; Linux x86_64) AppleWebKit/537.36 (KHTML, like Gecko) Chrome/83.0.4103.97 Safari/537.36" "albes.us"
52.91.124.128 - - [21/Nov/2022:03:41:45 -0800] "GET /robots.txt HTTP/1.1" 404 73 "-" "Mozilla/5.0 (X11; Linux x86_64) AppleWebKit/537.36 (KHTML, like Gecko) Chrome/94.0.4606.81 Safari/537.36" "albes.us"
52.91.124.128 - - [21/Nov/2022:03:41:46 -0800] "GET / HTTP/1.1" 200 6711 "-" "Mozilla/5.0 (X11; Linux x86_64) AppleWebKit/537.36 (KHTML, like Gecko) Chrome/94.0.4606.81 Safari/537.36" "albes.us"
37.139.53.2 - - [21/Nov/2022:04:10:10 -0800] "GET /logs/access.log HTTP/1.1" 403 239 "https://gravatar.com/buycapecitabine500mgonlinefastdelivery" "Mozilla/5.0 (Windows NT 10.0) AppleWebKit/537.36 (KHTML, like Gecko) Chrome/90.0.4430.93 Safari/537.36" "albes.us"
37.139.53.2 - - [21/Nov/2022:04:10:11 -0800] "GET / HTTP/1.1" 200 6711 "https://gravatar.com/buycapecitabine500mgonlinefastdelivery" "Mozilla/5.0 (Windows NT 10.0) AppleWebKit/537.36 (KHTML, like Gecko) Chrome/90.0.4430.93 Safari/537.36" "albes.us"
37.139.53.2 - - [21/Nov/2022:04:10:13 -0800] "GET /logs/access.log HTTP/1.1" 403 239 "https://de.gravatar.com/naproxen727" "Mozilla/5.0 (Windows NT 6.1) AppleWebKit/537.36 (KHTML, like Gecko) Chrome/90.0.4430.72 Safari/537.36" "albes.us"
37.139.53.2 - - [21/Nov/2022:04:10:14 -0800] "GET / HTTP/1.1" 200 6711 "https://de.gravatar.com/naproxen727" "Mozilla/5.0 (Windows NT 6.1) AppleWebKit/537.36 (KHTML, like Gecko) Chrome/90.0.4430.72 Safari/537.36" "albes.us"
54.36.149.85 - - [21/Nov/2022:04:48:36 -0800] "GET /robots.txt HTTP/1.1" 404 88 "-" "Mozilla/5.0 (compatible; AhrefsBot/7.0; +http://ahrefs.com/robot/)" "albes.us"
3.238.69.235 - - [21/Nov/2022:04:52:27 -0800] "GET /robots.txt HTTP/1.1" 404 73 "-" "Mozilla/5.0 (X11; Linux x86_64) AppleWebKit/537.36 (KHTML, like Gecko) Chrome/94.0.4606.81 Safari/537.36" "albes.us"
3.238.69.235 - - [21/Nov/2022:04:52:27 -0800] "GET / HTTP/1.1" 200 6711 "-" "Mozilla/5.0 (X11; Linux x86_64) AppleWebKit/537.36 (KHTML, like Gecko) Chrome/94.0.4606.81 Safari/537.36" "albes.us"
44.192.86.60 - - [21/Nov/2022:06:27:30 -0800] "POST / HTTP/1.1" 404 88 "-" "url" "www.albes.us"
44.192.86.60 - - [21/Nov/2022:06:27:34 -0800] "POST / HTTP/1.1" 404 88 "-" "url" "www.albes.us"
3.236.230.96 - - [21/Nov/2022:08:01:03 -0800] "GET /robots.txt HTTP/1.1" 404 73 "-" "Mozilla/5.0 (X11; Linux x86_64) AppleWebKit/537.36 (KHTML, like Gecko) Chrome/94.0.4606.81 Safari/537.36" "albes.us"
3.236.230.96 - - [21/Nov/2022:08:01:03 -0800] "GET / HTTP/1.1" 200 6711 "-" "Mozilla/5.0 (X11; Linux x86_64) AppleWebKit/537.36 (KHTML, like Gecko) Chrome/94.0.4606.81 Safari/537.36" "albes.us"
34.201.61.183 - - [21/Nov/2022:08:22:38 -0800] "GET /robots.txt HTTP/1.1" 404 73 "-" "Mozilla/5.0 (X11; Linux x86_64) AppleWebKit/537.36 (KHTML, like Gecko) Chrome/94.0.4606.81 Safari/537.36" "albes.us"
34.201.61.183 - - [21/Nov/2022:08:22:38 -0800] "GET / HTTP/1.1" 200 6711 "-" "Mozilla/5.0 (X11; Linux x86_64) AppleWebKit/537.36 (KHTML, like Gecko) Chrome/94.0.4606.81 Safari/537.36" "albes.us"
37.139.53.2 - - [21/Nov/2022:10:10:55 -0800] "GET /logs/access.log HTTP/1.1" 403 239 "https://es.gravatar.com/cycrin5mgout" "Mozilla/5.0 (Windows NT 6.1; WOW64) AppleWebKit/537.36 (KHTML, like Gecko) Chrome/90.0.4430.85 Safari/537.36" "albes.us"
37.139.53.2 - - [21/Nov/2022:10:10:55 -0800] "GET / HTTP/1.1" 200 6711 "https://es.gravatar.com/cycrin5mgout" "Mozilla/5.0 (Windows NT 6.1; WOW64) AppleWebKit/537.36 (KHTML, like Gecko) Chrome/90.0.4430.85 Safari/537.36" "albes.us"
37.139.53.2 - - [21/Nov/2022:10:10:58 -0800] "GET /logs/access.log HTTP/1.1" 403 239 "https://fr.gravatar.com/fredtirashyconpass" "Mozilla/5.0 (Windows NT 6.1) AppleWebKit/537.36 (KHTML, like Gecko) Chrome/90.0.4430.85 Safari/537.36" "albes.us"
37.139.53.2 - - [21/Nov/2022:10:10:58 -0800] "GET / HTTP/1.1" 200 6711 "https://fr.gravatar.com/fredtirashyconpass" "Mozilla/5.0 (Windows NT 6.1) AppleWebKit/537.36 (KHTML, like Gecko) Chrome/90.0.4430.85 Safari/537.36" "albes.us"
87.249.43.162 - - [21/Nov/2022:10:42:22 -0800] "GET /wp-commentin.php HTTP/1.1" 404 73 "-" "Mozilla/5.0 (iPhone; CPU iPhone OS 13_6_1 like Mac OS X) AppleWebKit/605.1.15 (KHTML, like Gecko) Version/13.1.2 Mobile/15E148 Safari/604.1" "albes.us"
44.200.93.47 - - [21/Nov/2022:11:03:13 -0800] "GET /robots.txt HTTP/1.1" 404 73 "-" "Mozilla/5.0 (X11; Linux x86_64) AppleWebKit/537.36 (KHTML, like Gecko) Chrome/94.0.4606.81 Safari/537.36" "albes.us"
44.200.93.47 - - [21/Nov/2022:11:03:13 -0800] "GET / HTTP/1.1" 200 6711 "-" "Mozilla/5.0 (X11; Linux x86_64) AppleWebKit/537.36 (KHTML, like Gecko) Chrome/94.0.4606.81 Safari/537.36" "albes.us"
51.222.253.2 - - [21/Nov/2022:11:05:45 -0800] "GET /robots.txt HTTP/1.1" 404 88 "-" "Mozilla/5.0 (compatible; AhrefsBot/7.0; +http://ahrefs.com/robot/)" "albes.us"
176.58.123.157 - - [21/Nov/2022:11:45:12 -0800] "GET / HTTP/1.1" 200 1219 "-" "Mozilla/5.0 (Windows NT 10.0; Win64; x64) AppleWebKit/537.36 (KHTML, like Gecko) Chrome/83.0.4103.116 Safari/537.36" "albes.us"
176.58.123.157 - - [21/Nov/2022:11:45:12 -0800] "GET / HTTP/1.1" 200 1219 "-" "Mozilla/5.0 (Windows NT 10.0; Win64; x64) AppleWebKit/537.36 (KHTML, like Gecko) Chrome/83.0.4103.116 Safari/537.36" "albes.us"
176.58.123.157 - - [21/Nov/2022:11:57:41 -0800] "GET / HTTP/1.1" 200 1219 "-" "Mozilla/5.0 (X11; Linux x86_64) AppleWebKit/537.36 (KHTML, like Gecko) Chrome/83.0.4103.97 Safari/537.36" "albes.us"
146.59.229.109 - - [21/Nov/2022:13:14:01 -0800] "GET /style.php?sig=rename HTTP/1.1" 404 73 "-" "Mozilla/5.0 (Windows NT 10.0; WOW64) AppleWebKit/537.36 (KHTML, like Gecko) Chrome/85.0.4183.102 YaBrowser/20.9.3.136 Yowser/2.5 Safari/537.36" "albes.us"
77.88.9.140 - - [21/Nov/2022:13:19:04 -0800] "GET /robots.txt HTTP/1.1" 404 73 "-" "Mozilla/5.0 (compatible; YandexBot/3.0; +http://yandex.com/bots)" "albes.us"
77.88.9.140 - - [21/Nov/2022:13:19:08 -0800] "GET /pumpkinpatch2007/ HTTP/1.1" 200 637 "-" "Mozilla/5.0 (compatible; YandexBot/3.0; +http://yandex.com/bots)" "albes.us"
207.46.13.80 - - [21/Nov/2022:13:44:56 -0800] "GET /hurst/ HTTP/1.1" 200 352 "-" "Mozilla/5.0 (compatible; bingbot/2.0; +http://www.bing.com/bingbot.htm)" "albes.us"
216.244.66.198 - - [21/Nov/2022:13:51:28 -0800] "GET /robots.txt HTTP/1.1" 404 73 "-" "Mozilla/5.0 (compatible; DotBot/1.2; +https://opensiteexplorer.org/dotbot; help@moz.com)" "albes.us"
44.200.144.80 - - [21/Nov/2022:14:11:15 -0800] "GET /robots.txt HTTP/1.1" 404 73 "-" "Mozilla/5.0 (X11; Linux x86_64) AppleWebKit/537.36 (KHTML, like Gecko) Chrome/94.0.4606.81 Safari/537.36" "albes.us"
44.200.144.80 - - [21/Nov/2022:14:11:16 -0800] "GET / HTTP/1.1" 200 6711 "-" "Mozilla/5.0 (X11; Linux x86_64) AppleWebKit/537.36 (KHTML, like Gecko) Chrome/94.0.4606.81 Safari/537.36" "albes.us"
193.93.229.178 - - [21/Nov/2022:14:44:06 -0800] "GET / HTTP/1.1" 200 6711 "https://nk-design.store/" "Mozilla/5.0 (Windows NT 6.1; WOW64) AppleWebKit/537.36 (KHTML, like Gecko) Chrome/90.0.4430.93 Safari/537.36" "albes.us"
193.93.229.178 - - [21/Nov/2022:14:44:09 -0800] "GET / HTTP/1.1" 200 6711 "https://2krn.cc" "Mozilla/5.0 (Windows NT 6.2; Win64; x64) AppleWebKit/537.36 (KHTML, like Gecko) Chrome/90.0.4430.72 Safari/537.36" "albes.us"
193.93.229.178 - - [21/Nov/2022:14:44:11 -0800] "GET / HTTP/1.1" 200 6711 "https://nk-design.store/" "Mozilla/5.0 (Windows NT 6.1; WOW64) AppleWebKit/537.36 (KHTML, like Gecko) Chrome/90.0.4430.72 Safari/537.36" "albes.us"
193.93.229.178 - - [21/Nov/2022:14:44:14 -0800] "GET / HTTP/1.1" 200 6711 "https://nk-design.store/" "Mozilla/5.0 (Windows NT 6.1; Win64; x64) AppleWebKit/537.36 (KHTML, like Gecko) Chrome/90.0.4430.85 Safari/537.36" "albes.us"
216.244.66.198 - - [21/Nov/2022:15:27:21 -0800] "GET /robots.txt HTTP/1.1" 404 73 "-" "Mozilla/5.0 (compatible; DotBot/1.2; +https://opensiteexplorer.org/dotbot; help@moz.com)" "albes.us"
216.244.66.198 - - [21/Nov/2022:15:30:07 -0800] "GET /dansparty/3.jpg HTTP/1.1" 200 285400 "-" "Mozilla/5.0 (compatible; DotBot/1.2; +https://opensiteexplorer.org/dotbot; help@moz.com)" "albes.us"
157.55.39.129 - - [21/Nov/2022:15:37:45 -0800] "GET / HTTP/1.1" 200 1219 "-" "Mozilla/5.0 (compatible; bingbot/2.0; +http://www.bing.com/bingbot.htm)" "albes.us"
37.139.53.2 - - [21/Nov/2022:15:57:24 -0800] "GET /logs/access.log HTTP/1.1" 403 239 "https://fr.gravatar.com/redviagra200mgachetersurinternet" "Mozilla/5.0 (Windows NT 10.0; Win64; x64) AppleWebKit/537.36 (KHTML, like Gecko) Chrome/90.0.4430.85 Safari/537.36" "albes.us"
37.139.53.2 - - [21/Nov/2022:15:57:25 -0800] "GET / HTTP/1.1" 200 6711 "https://fr.gravatar.com/redviagra200mgachetersurinternet" "Mozilla/5.0 (Windows NT 10.0; Win64; x64) AppleWebKit/537.36 (KHTML, like Gecko) Chrome/90.0.4430.85 Safari/537.36" "albes.us"
37.139.53.2 - - [21/Nov/2022:15:57:27 -0800] "GET /logs/access.log HTTP/1.1" 403 239 "https://fr.gravatar.com/biaxin250mgachatsurinternet" "Mozilla/5.0 (Windows NT 6.1; Win64; x64) AppleWebKit/537.36 (KHTML, like Gecko) Chrome/90.0.4430.93 Safari/537.36" "albes.us"
37.139.53.2 - - [21/Nov/2022:15:57:28 -0800] "GET / HTTP/1.1" 200 6711 "https://fr.gravatar.com/biaxin250mgachatsurinternet" "Mozilla/5.0 (Windows NT 6.1; Win64; x64) AppleWebKit/537.36 (KHTML, like Gecko) Chrome/90.0.4430.93 Safari/537.36" "albes.us"
216.244.66.198 - - [21/Nov/2022:16:14:16 -0800] "GET /robots.txt HTTP/1.1" 404 73 "-" "Mozilla/5.0 (compatible; DotBot/1.2; +https://opensiteexplorer.org/dotbot; help@moz.com)" "albes.us"
51.222.253.5 - - [21/Nov/2022:16:20:51 -0800] "GET /pumpkinpatch2007/ HTTP/1.1" 200 637 "-" "Mozilla/5.0 (compatible; AhrefsBot/7.0; +http://ahrefs.com/robot/)" "albes.us"
157.55.39.129 - - [21/Nov/2022:16:36:53 -0800] "GET / HTTP/1.1" 200 1219 "-" "Mozilla/5.0 AppleWebKit/537.36 (KHTML, like Gecko; compatible; bingbot/2.0; +http://www.bing.com/bingbot.htm) Chrome/103.0.5060.134 Safari/537.36" "www.albes.us"
157.55.39.30 - - [21/Nov/2022:16:48:38 -0800] "GET /birthdays2006/ HTTP/1.1" 200 538 "-" "Mozilla/5.0 AppleWebKit/537.36 (KHTML, like Gecko; compatible; bingbot/2.0; +http://www.bing.com/bingbot.htm) Chrome/103.0.5060.134 Safari/537.36" "www.albes.us"
207.46.13.65 - - [21/Nov/2022:16:48:42 -0800] "GET /christmaseve2005/ HTTP/1.1" 200 637 "-" "Mozilla/5.0 (compatible; bingbot/2.0; +http://www.bing.com/bingbot.htm)" "www.albes.us"
207.46.13.80 - - [21/Nov/2022:16:48:47 -0800] "GET /heatherandjoe/ HTTP/1.1" 200 625 "-" "Mozilla/5.0 AppleWebKit/537.36 (KHTML, like Gecko; compatible; bingbot/2.0; +http://www.bing.com/bingbot.htm) Chrome/103.0.5060.134 Safari/537.36" "www.albes.us"
207.46.13.80 - - [21/Nov/2022:16:48:47 -0800] "GET /jeffsparty/ HTTP/1.1" 200 729 "-" "Mozilla/5.0 AppleWebKit/537.36 (KHTML, like Gecko; compatible; bingbot/2.0; +http://www.bing.com/bingbot.htm) Chrome/103.0.5060.134 Safari/537.36" "www.albes.us"
157.55.39.30 - - [21/Nov/2022:16:48:53 -0800] "GET /birthdays2006/ HTTP/1.1" 200 538 "-" "Mozilla/5.0 (compatible; bingbot/2.0; +http://www.bing.com/bingbot.htm)" "www.albes.us"
207.46.13.70 - - [21/Nov/2022:16:48:53 -0800] "GET /unclejim/ HTTP/1.1" 200 814 "-" "Mozilla/5.0 (compatible; bingbot/2.0; +http://www.bing.com/bingbot.htm)" "www.albes.us"
40.77.167.58 - - [21/Nov/2022:16:50:24 -0800] "GET /rocket/ HTTP/1.1" 200 406 "-" "Mozilla/5.0 (compatible; bingbot/2.0; +http://www.bing.com/bingbot.htm)" "www.albes.us"
51.222.253.17 - - [21/Nov/2022:17:01:58 -0800] "GET /robots.txt HTTP/1.1" 404 88 "-" "Mozilla/5.0 (compatible; AhrefsBot/7.0; +http://ahrefs.com/robot/)" "albes.us"
51.222.253.4 - - [21/Nov/2022:17:01:59 -0800] "GET /dkhbirthdays2005/ HTTP/1.1" 200 713 "-" "Mozilla/5.0 (compatible; AhrefsBot/7.0; +http://ahrefs.com/robot/)" "albes.us"
151.236.219.222 - - [21/Nov/2022:17:37:02 -0800] "GET / HTTP/1.1" 200 1219 "-" "Mozilla/5.0 (Windows NT 10.0; Win64; x64) AppleWebKit/537.36 (KHTML, like Gecko) Chrome/83.0.4103.116 Safari/537.36" "albes.us"
51.222.253.19 - - [21/Nov/2022:17:44:38 -0800] "GET /jeffsparty/index.html HTTP/1.1" 200 729 "-" "Mozilla/5.0 (compatible; AhrefsBot/7.0; +http://ahrefs.com/robot/)" "albes.us"
51.222.253.11 - - [21/Nov/2022:17:44:43 -0800] "GET /jeffsparty/thumbs/tn_image6.jpg HTTP/1.1" 200 5380 "-" "Mozilla/5.0 (compatible; AhrefsBot/7.0; +http://ahrefs.com/robot/)" "albes.us"
51.222.253.20 - - [21/Nov/2022:17:44:48 -0800] "GET /jeffsparty/thumbs/tn_in01.jpg HTTP/1.1" 200 5083 "-" "Mozilla/5.0 (compatible; AhrefsBot/7.0; +http://ahrefs.com/robot/)" "albes.us"
51.222.253.2 - - [21/Nov/2022:17:44:49 -0800] "GET /jeffsparty/thumbs/tn_in04.jpg HTTP/1.1" 200 4559 "-" "Mozilla/5.0 (compatible; AhrefsBot/7.0; +http://ahrefs.com/robot/)" "albes.us"
51.222.253.3 - - [21/Nov/2022:17:44:54 -0800] "GET /jeffsparty/thumbs/tn_in05.jpg HTTP/1.1" 200 4888 "-" "Mozilla/5.0 (compatible; AhrefsBot/7.0; +http://ahrefs.com/robot/)" "albes.us"
51.222.253.10 - - [21/Nov/2022:17:45:00 -0800] "GET /jeffsparty/thumbs/tn_image8.jpg HTTP/1.1" 200 5989 "-" "Mozilla/5.0 (compatible; AhrefsBot/7.0; +http://ahrefs.com/robot/)" "albes.us"
51.222.253.14 - - [21/Nov/2022:17:45:05 -0800] "GET /jeffsparty/thumbs/tn_image4.jpg HTTP/1.1" 200 5173 "-" "Mozilla/5.0 (compatible; AhrefsBot/7.0; +http://ahrefs.com/robot/)" "albes.us"
51.222.253.3 - - [21/Nov/2022:17:45:10 -0800] "GET /jeffsparty/head.gif HTTP/1.1" 200 10946 "-" "Mozilla/5.0 (compatible; AhrefsBot/7.0; +http://ahrefs.com/robot/)" "albes.us"
51.222.253.16 - - [21/Nov/2022:17:45:16 -0800] "GET /jeffsparty/thumbs/tn_in02.jpg HTTP/1.1" 200 5339 "-" "Mozilla/5.0 (compatible; AhrefsBot/7.0; +http://ahrefs.com/robot/)" "albes.us"
51.222.253.13 - - [21/Nov/2022:17:45:21 -0800] "GET /jeffsparty/balloon.gif HTTP/1.1" 200 1330 "-" "Mozilla/5.0 (compatible; AhrefsBot/7.0; +http://ahrefs.com/robot/)" "albes.us"
51.222.253.16 - - [21/Nov/2022:17:45:21 -0800] "GET /jeffsparty/thumbs/tn_in03.jpg HTTP/1.1" 200 4896 "-" "Mozilla/5.0 (compatible; AhrefsBot/7.0; +http://ahrefs.com/robot/)" "albes.us"
163.172.180.25 - - [21/Nov/2022:18:13:25 -0800] "GET / HTTP/1.1" 200 6711 "-" "-" "albes.us"
95.216.161.91 - - [21/Nov/2022:18:13:53 -0800] "GET / HTTP/1.1" 200 1219 "-" "python-requests/2.25.1" "albes.us"
40.77.167.97 - - [21/Nov/2022:18:22:43 -0800] "GET /robots.txt HTTP/1.1" 404 88 "-" "Mozilla/5.0 AppleWebKit/537.36 (KHTML, like Gecko; compatible; bingbot/2.0; +http://www.bing.com/bingbot.htm) Chrome/103.0.5060.134 Safari/537.36" "www.albes.us"
157.55.39.30 - - [21/Nov/2022:18:22:57 -0800] "GET / HTTP/1.1" 200 1219 "-" "Mozilla/5.0 AppleWebKit/537.36 (KHTML, like Gecko; compatible; bingbot/2.0; +http://www.bing.com/bingbot.htm) Chrome/103.0.5060.134 Safari/537.36" "www.albes.us"
51.222.253.20 - - [21/Nov/2022:18:27:43 -0800] "GET /robots.txt HTTP/1.1" 404 88 "-" "Mozilla/5.0 (compatible; AhrefsBot/7.0; +http://ahrefs.com/robot/)" "www.albes.us"
51.222.253.20 - - [21/Nov/2022:18:27:44 -0800] "GET / HTTP/1.1" 200 1219 "-" "Mozilla/5.0 (compatible; AhrefsBot/7.0; +http://ahrefs.com/robot/)" "www.albes.us"
51.222.253.14 - - [21/Nov/2022:19:10:30 -0800] "GET / HTTP/1.1" 200 1219 "-" "Mozilla/5.0 (compatible; AhrefsBot/7.0; +http://ahrefs.com/robot/)" "albes.us"
51.222.253.15 - - [21/Nov/2022:19:48:02 -0800] "GET /easter2008/ HTTP/1.1" 200 549 "-" "Mozilla/5.0 (compatible; AhrefsBot/7.0; +http://ahrefs.com/robot/)" "albes.us"
216.244.66.198 - - [21/Nov/2022:20:23:48 -0800] "GET /robots.txt HTTP/1.1" 404 73 "-" "Mozilla/5.0 (compatible; DotBot/1.2; +https://opensiteexplorer.org/dotbot; help@moz.com)" "albes.us"
216.244.66.198 - - [21/Nov/2022:20:25:48 -0800] "GET /jeffsparty/family02a.jpg HTTP/1.1" 200 356626 "-" "Mozilla/5.0 (compatible; DotBot/1.2; +https://opensiteexplorer.org/dotbot; help@moz.com)" "albes.us"
51.222.253.3 - - [21/Nov/2022:20:37:15 -0800] "GET /?C=M;O=A HTTP/1.1" 200 1221 "-" "Mozilla/5.0 (compatible; AhrefsBot/7.0; +http://ahrefs.com/robot/)" "albes.us"
54.36.148.5 - - [21/Nov/2022:21:13:52 -0800] "GET /robots.txt HTTP/1.1" 404 88 "-" "Mozilla/5.0 (compatible; AhrefsBot/7.0; +http://ahrefs.com/robot/)" "www.albes.us"
51.222.253.8 - - [21/Nov/2022:21:13:53 -0800] "GET /birthdays2006/ HTTP/1.1" 200 538 "-" "Mozilla/5.0 (compatible; AhrefsBot/7.0; +http://ahrefs.com/robot/)" "www.albes.us"
51.222.253.12 - - [21/Nov/2022:21:13:59 -0800] "GET /birthdays2006/tn_Image1.jpg HTTP/1.1" 200 25776 "-" "Mozilla/5.0 (compatible; AhrefsBot/7.0; +http://ahrefs.com/robot/)" "www.albes.us"
51.222.253.16 - - [21/Nov/2022:21:14:05 -0800] "GET /birthdays2006/tn_Image4.jpg HTTP/1.1" 200 23802 "-" "Mozilla/5.0 (compatible; AhrefsBot/7.0; +http://ahrefs.com/robot/)" "www.albes.us"
51.222.253.15 - - [21/Nov/2022:21:14:11 -0800] "GET /birthdays2006/tn_Image7.jpg HTTP/1.1" 200 25795 "-" "Mozilla/5.0 (compatible; AhrefsBot/7.0; +http://ahrefs.com/robot/)" "www.albes.us"
51.222.253.3 - - [21/Nov/2022:21:14:14 -0800] "GET /birthdays2006/tn_Image6.jpg HTTP/1.1" 200 24918 "-" "Mozilla/5.0 (compatible; AhrefsBot/7.0; +http://ahrefs.com/robot/)" "www.albes.us"
51.222.253.6 - - [21/Nov/2022:21:14:19 -0800] "GET /birthdays2006/tn_Image10.jpg HTTP/1.1" 200 25464 "-" "Mozilla/5.0 (compatible; AhrefsBot/7.0; +http://ahrefs.com/robot/)" "www.albes.us"
51.222.253.7 - - [21/Nov/2022:21:14:25 -0800] "GET /birthdays2006/tn_Image11.jpg HTTP/1.1" 200 25587 "-" "Mozilla/5.0 (compatible; AhrefsBot/7.0; +http://ahrefs.com/robot/)" "www.albes.us"
51.222.253.16 - - [21/Nov/2022:21:14:31 -0800] "GET /birthdays2006/tn_Image2.jpg HTTP/1.1" 200 26679 "-" "Mozilla/5.0 (compatible; AhrefsBot/7.0; +http://ahrefs.com/robot/)" "www.albes.us"
51.222.253.3 - - [21/Nov/2022:21:14:37 -0800] "GET /birthdays2006/tn_Image9.jpg HTTP/1.1" 200 24670 "-" "Mozilla/5.0 (compatible; AhrefsBot/7.0; +http://ahrefs.com/robot/)" "www.albes.us"
51.222.253.4 - - [21/Nov/2022:21:14:43 -0800] "GET /birthdays2006/tn_Image5.jpg HTTP/1.1" 200 26688 "-" "Mozilla/5.0 (compatible; AhrefsBot/7.0; +http://ahrefs.com/robot/)" "www.albes.us"
51.222.253.14 - - [21/Nov/2022:21:14:44 -0800] "GET /birthdays2006/tn_Image8.jpg HTTP/1.1" 200 25307 "-" "Mozilla/5.0 (compatible; AhrefsBot/7.0; +http://ahrefs.com/robot/)" "www.albes.us"
37.139.53.2 - - [21/Nov/2022:21:43:27 -0800] "GET /logs/access.log HTTP/1.1" 403 239 "https://gravatar.com/cautvenixunbrucor" "Mozilla/5.0 (Windows NT 6.1; Win64; x64) AppleWebKit/537.36 (KHTML, like Gecko) Chrome/90.0.4427.0 Safari/537.36" "albes.us"
37.139.53.2 - - [21/Nov/2022:21:43:28 -0800] "GET / HTTP/1.1" 200 6711 "https://gravatar.com/cautvenixunbrucor" "Mozilla/5.0 (Windows NT 6.1; Win64; x64) AppleWebKit/537.36 (KHTML, like Gecko) Chrome/90.0.4427.0 Safari/537.36" "albes.us"
37.139.53.2 - - [21/Nov/2022:21:43:30 -0800] "GET /logs/access.log HTTP/1.1" 403 239 "https://de.gravatar.com/albendazol400mgkaufen" "Mozilla/5.0 (Windows NT 6.1; Win64; x64) AppleWebKit/537.36 (KHTML, like Gecko) Chrome/90.0.4430.85 Safari/537.36" "albes.us"
37.139.53.2 - - [21/Nov/2022:21:43:31 -0800] "GET / HTTP/1.1" 200 6711 "https://de.gravatar.com/albendazol400mgkaufen" "Mozilla/5.0 (Windows NT 6.1; Win64; x64) AppleWebKit/537.36 (KHTML, like Gecko) Chrome/90.0.4430.85 Safari/537.36" "albes.us"
51.222.253.11 - - [21/Nov/2022:21:52:11 -0800] "GET /wreaths-centerpieces/ HTTP/1.1" 200 323 "-" "Mozilla/5.0 (compatible; AhrefsBot/7.0; +http://ahrefs.com/robot/)" "www.albes.us"
114.119.147.81 - - [21/Nov/2022:22:05:05 -0800] "GET /robots.txt HTTP/1.1" 404 88 "-" "Mozilla/5.0 (compatible;PetalBot;+https://webmaster.petalsearch.com/site/petalbot)" "albes.us"
51.222.253.13 - - [21/Nov/2022:22:32:25 -0800] "GET /fathersday2006/ HTTP/1.1" 200 371 "-" "Mozilla/5.0 (compatible; AhrefsBot/7.0; +http://ahrefs.com/robot/)" "albes.us"
51.222.253.18 - - [21/Nov/2022:22:32:35 -0800] "GET /fathersday2006/img00003.jpg HTTP/1.1" 200 54187 "-" "Mozilla/5.0 (compatible; AhrefsBot/7.0; +http://ahrefs.com/robot/)" "albes.us"
51.222.253.8 - - [21/Nov/2022:22:32:42 -0800] "GET /fathersday2006/img00002.jpg HTTP/1.1" 200 2836 "-" "Mozilla/5.0 (compatible; AhrefsBot/7.0; +http://ahrefs.com/robot/)" "albes.us"
51.222.253.8 - - [21/Nov/2022:22:32:47 -0800] "GET /fathersday2006/img00004.gif HTTP/1.1" 200 3036 "-" "Mozilla/5.0 (compatible; AhrefsBot/7.0; +http://ahrefs.com/robot/)" "albes.us"
51.222.253.17 - - [21/Nov/2022:23:04:43 -0800] "GET /merrychristmasdiane2007/ HTTP/1.1" 200 418 "-" "Mozilla/5.0 (compatible; AhrefsBot/7.0; +http://ahrefs.com/robot/)" "albes.us"
51.222.253.3 - - [21/Nov/2022:23:04:51 -0800] "GET /merrychristmasdiane2007/dog.jpg HTTP/1.1" 200 48152 "-" "Mozilla/5.0 (compatible; AhrefsBot/7.0; +http://ahrefs.com/robot/)" "albes.us"
216.244.66.198 - - [21/Nov/2022:23:10:36 -0800] "GET /robots.txt HTTP/1.1" 404 73 "-" "Mozilla/5.0 (compatible; DotBot/1.2; +https://opensiteexplorer.org/dotbot; help@moz.com)" "albes.us"
51.222.253.3 - - [21/Nov/2022:23:37:30 -0800] "GET /mom2009/ HTTP/1.1" 200 314 "-" "Mozilla/5.0 (compatible; AhrefsBot/7.0; +http://ahrefs.com/robot/)" "albes.us"
54.36.148.62 - - [22/Nov/2022:00:09:00 -0800] "GET /robots.txt HTTP/1.1" 404 88 "-" "Mozilla/5.0 (compatible; AhrefsBot/7.0; +http://ahrefs.com/robot/)" "albes.us"
51.222.253.5 - - [22/Nov/2022:00:09:01 -0800] "GET /?C=M;O=D HTTP/1.1" 200 1216 "-" "Mozilla/5.0 (compatible; AhrefsBot/7.0; +http://ahrefs.com/robot/)" "albes.us"
77.88.9.137 - - [22/Nov/2022:00:27:18 -0800] "GET /robots.txt HTTP/1.1" 404 73 "-" "Mozilla/5.0 (compatible; YandexBot/3.0; +http://yandex.com/bots)" "albes.us"
77.88.9.139 - - [22/Nov/2022:00:27:21 -0800] "GET /pumpkinpatch2008/tn_pumpkinpickin200804.jpg HTTP/1.1" 200 6674 "-" "Mozilla/5.0 (compatible; YandexImages/3.0; +http://yandex.com/bots)" "albes.us"
51.222.253.16 - - [22/Nov/2022:00:36:26 -0800] "GET /jeffsparty/index.html HTTP/1.1" 200 729 "-" "Mozilla/5.0 (compatible; AhrefsBot/7.0; +http://ahrefs.com/robot/)" "www.albes.us"
51.222.253.19 - - [22/Nov/2022:01:08:19 -0800] "GET /rosymaplemoth/ HTTP/1.1" 200 689 "-" "Mozilla/5.0 (compatible; AhrefsBot/7.0; +http://ahrefs.com/robot/)" "albes.us"
51.222.253.14 - - [22/Nov/2022:01:08:30 -0800] "GET /rosymaplemoth/rmmtmb02.jpg HTTP/1.1" 200 99914 "-" "Mozilla/5.0 (compatible; AhrefsBot/7.0; +http://ahrefs.com/robot/)" "albes.us"
74.84.150.150 - - [22/Nov/2022:01:37:14 -0800] "GET /robots.txt HTTP/1.1" 404 88 "-" "test" "albes.us"
68.69.184.202 - - [22/Nov/2022:01:37:14 -0800] "GET / HTTP/1.1" 200 1219 "-" "test" "albes.us"
51.222.253.6 - - [22/Nov/2022:01:37:42 -0800] "GET /mom2009/ HTTP/1.1" 200 314 "-" "Mozilla/5.0 (compatible; AhrefsBot/7.0; +http://ahrefs.com/robot/)" "albes.us"
216.244.66.198 - - [22/Nov/2022:02:06:17 -0800] "GET /robots.txt HTTP/1.1" 404 73 "-" "Mozilla/5.0 (compatible; DotBot/1.2; +https://opensiteexplorer.org/dotbot; help@moz.com)" "albes.us"
51.222.253.20 - - [22/Nov/2022:02:07:01 -0800] "GET /rosymaplemoth/ HTTP/1.1" 200 689 "-" "Mozilla/5.0 (compatible; AhrefsBot/7.0; +http://ahrefs.com/robot/)" "albes.us"
157.55.39.129 - - [22/Nov/2022:02:10:01 -0800] "GET / HTTP/1.1" 200 1219 "-" "Mozilla/5.0 AppleWebKit/537.36 (KHTML, like Gecko; compatible; bingbot/2.0; +http://www.bing.com/bingbot.htm) Chrome/103.0.5060.134 Safari/537.36" "albes.us"
51.222.253.18 - - [22/Nov/2022:02:44:14 -0800] "GET /50th/50th02.html HTTP/1.1" 200 541 "-" "Mozilla/5.0 (compatible; AhrefsBot/7.0; +http://ahrefs.com/robot/)" "albes.us"
51.222.253.18 - - [22/Nov/2022:03:11:09 -0800] "GET /turkeyrun/ HTTP/1.1" 200 789 "-" "Mozilla/5.0 (compatible; AhrefsBot/7.0; +http://ahrefs.com/robot/)" "albes.us"
35.164.108.163 - - [22/Nov/2022:03:32:13 -0800] "GET / HTTP/1.1" 200 1219 "-" "Mozilla/5.0 (X11; Linux x86_64) AppleWebKit/537.36 (KHTML, like Gecko) Chrome/83.0.4103.97 Safari/537.36" "albes.us"
18.236.245.152 - - [22/Nov/2022:03:32:57 -0800] "GET /favicon.ico HTTP/1.1" 404 88 "-" "Mozilla/5.0 (X11; Linux x86_64) AppleWebKit/537.36 (KHTML, like Gecko) Chrome/83.0.4103.97 Safari/537.36" "albes.us"
51.222.253.19 - - [22/Nov/2022:04:00:02 -0800] "GET /merrychristmasdiane2007/ HTTP/1.1" 200 418 "-" "Mozilla/5.0 (compatible; AhrefsBot/7.0; +http://ahrefs.com/robot/)" "www.albes.us"
157.55.39.129 - - [22/Nov/2022:04:06:14 -0800] "GET / HTTP/1.1" 200 1219 "-" "Mozilla/5.0 (compatible; bingbot/2.0; +http://www.bing.com/bingbot.htm)" "www.albes.us"
51.222.253.10 - - [22/Nov/2022:04:28:57 -0800] "GET /rosymaplemoth/ HTTP/1.1" 200 689 "-" "Mozilla/5.0 (compatible; AhrefsBot/7.0; +http://ahrefs.com/robot/)" "www.albes.us"
51.222.253.7 - - [22/Nov/2022:04:29:03 -0800] "GET /rosymaplemoth/rmmtmb01.jpg HTTP/1.1" 200 56723 "-" "Mozilla/5.0 (compatible; AhrefsBot/7.0; +http://ahrefs.com/robot/)" "www.albes.us"
51.222.253.13 - - [22/Nov/2022:04:56:15 -0800] "GET /kd/ HTTP/1.1" 200 601 "-" "Mozilla/5.0 (compatible; AhrefsBot/7.0; +http://ahrefs.com/robot/)" "www.albes.us"
216.244.66.198 - - [22/Nov/2022:04:59:16 -0800] "GET /robots.txt HTTP/1.1" 404 73 "-" "Mozilla/5.0 (compatible; DotBot/1.2; +https://opensiteexplorer.org/dotbot; help@moz.com)" "albes.us"
54.36.148.142 - - [22/Nov/2022:05:25:16 -0800] "GET /robots.txt HTTP/1.1" 404 88 "-" "Mozilla/5.0 (compatible; AhrefsBot/7.0; +http://ahrefs.com/robot/)" "albes.us"
51.222.253.10 - - [22/Nov/2022:05:25:17 -0800] "GET /wreaths-centerpieces/?C=D;O=D HTTP/1.1" 200 321 "-" "Mozilla/5.0 (compatible; AhrefsBot/7.0; +http://ahrefs.com/robot/)" "albes.us"
51.222.253.11 - - [22/Nov/2022:05:49:41 -0800] "GET /50th/50th02.html HTTP/1.1" 200 541 "-" "Mozilla/5.0 (compatible; AhrefsBot/7.0; +http://ahrefs.com/robot/)" "albes.us"
51.222.253.14 - - [22/Nov/2022:06:16:58 -0800] "GET /whats-up/?C=D;O=D HTTP/1.1" 200 351 "-" "Mozilla/5.0 (compatible; AhrefsBot/7.0; +http://ahrefs.com/robot/)" "albes.us"
54.36.148.197 - - [22/Nov/2022:06:44:28 -0800] "GET /robots.txt HTTP/1.1" 404 88 "-" "Mozilla/5.0 (compatible; AhrefsBot/7.0; +http://ahrefs.com/robot/)" "www.albes.us"
51.222.253.4 - - [22/Nov/2022:06:44:29 -0800] "GET /dkhbirthdays2005/ HTTP/1.1" 200 713 "-" "Mozilla/5.0 (compatible; AhrefsBot/7.0; +http://ahrefs.com/robot/)" "www.albes.us"
183.91.15.246 - - [22/Nov/2022:06:51:47 -0800] "GET /style.php?sig=rename HTTP/1.1" 404 73 "-" "Mozilla/5.0 (Windows NT 10.0; Win64; x64) AppleWebKit/537.36 (KHTML, like Gecko) Chrome/83.0.4103.116 Safari/537.36" "albes.us"
51.222.253.10 - - [22/Nov/2022:07:09:30 -0800] "GET /rocket/ HTTP/1.1" 200 406 "-" "Mozilla/5.0 (compatible; AhrefsBot/7.0; +http://ahrefs.com/robot/)" "www.albes.us"
51.222.253.7 - - [22/Nov/2022:07:34:08 -0800] "GET /christmaseve2007/ HTTP/1.1" 200 750 "-" "Mozilla/5.0 (compatible; AhrefsBot/7.0; +http://ahrefs.com/robot/)" "albes.us"
51.222.253.9 - - [22/Nov/2022:08:02:25 -0800] "GET /fathersday2006/ HTTP/1.1" 200 371 "-" "Mozilla/5.0 (compatible; AhrefsBot/7.0; +http://ahrefs.com/robot/)" "www.albes.us"
51.222.253.1 - - [22/Nov/2022:08:02:32 -0800] "GET /fathersday2006/img00002.jpg HTTP/1.1" 200 2836 "-" "Mozilla/5.0 (compatible; AhrefsBot/7.0; +http://ahrefs.com/robot/)" "www.albes.us"
51.222.253.9 - - [22/Nov/2022:08:02:34 -0800] "GET /fathersday2006/img00001.jpg HTTP/1.1" 200 135720 "-" "Mozilla/5.0 (compatible; AhrefsBot/7.0; +http://ahrefs.com/robot/)" "www.albes.us"
51.222.253.9 - - [22/Nov/2022:08:02:41 -0800] "GET /fathersday2006/img00004.gif HTTP/1.1" 200 3036 "-" "Mozilla/5.0 (compatible; AhrefsBot/7.0; +http://ahrefs.com/robot/)" "www.albes.us"
51.222.253.18 - - [22/Nov/2022:08:31:10 -0800] "GET /morel/ HTTP/1.1" 200 244 "-" "Mozilla/5.0 (compatible; AhrefsBot/7.0; +http://ahrefs.com/robot/)" "albes.us"
51.222.253.20 - - [22/Nov/2022:08:31:17 -0800] "GET /morel/morel.jpg HTTP/1.1" 200 118272 "-" "Mozilla/5.0 (compatible; AhrefsBot/7.0; +http://ahrefs.com/robot/)" "albes.us"
51.222.253.18 - - [22/Nov/2022:08:55:31 -0800] "GET /rocket/ HTTP/1.1" 200 406 "-" "Mozilla/5.0 (compatible; AhrefsBot/7.0; +http://ahrefs.com/robot/)" "albes.us"
193.233.88.32 - - [22/Nov/2022:09:07:02 -0800] "GET / HTTP/1.1" 200 1219 "http://albes.us" "Mozilla/5.0 (X11; Ubuntu; Linux i686; rv:102.0) Gecko/20100101 Firefox/102.0" "albes.us"
193.233.88.32 - - [22/Nov/2022:09:07:04 -0800] "GET /merrychristmasdiane2007/ HTTP/1.1" 200 418 "http://albes.us" "Mozilla/5.0 (X11; Ubuntu; Linux i686; rv:102.0) Gecko/20100101 Firefox/102.0" "albes.us"
51.222.253.10 - - [22/Nov/2022:09:30:14 -0800] "GET /robots.txt HTTP/1.1" 404 88 "-" "Mozilla/5.0 (compatible; AhrefsBot/7.0; +http://ahrefs.com/robot/)" "www.albes.us"
51.222.253.15 - - [22/Nov/2022:09:30:15 -0800] "GET /birthdays2007/ HTTP/1.1" 200 409 "-" "Mozilla/5.0 (compatible; AhrefsBot/7.0; +http://ahrefs.com/robot/)" "www.albes.us"
37.139.53.2 - - [22/Nov/2022:09:56:42 -0800] "GET /logs/access.log HTTP/1.1" 403 239 "https://fr.gravatar.com/gorrelinniconserv" "Mozilla/5.0 (Windows NT 6.1; WOW64) AppleWebKit/537.36 (KHTML, like Gecko) Chrome/90.0.4430.72 Safari/537.36" "albes.us"
37.139.53.2 - - [22/Nov/2022:09:56:42 -0800] "GET / HTTP/1.1" 200 6711 "https://fr.gravatar.com/gorrelinniconserv" "Mozilla/5.0 (Windows NT 6.1; WOW64) AppleWebKit/537.36 (KHTML, like Gecko) Chrome/90.0.4430.72 Safari/537.36" "albes.us"
37.139.53.2 - - [22/Nov/2022:09:56:45 -0800] "GET /logs/access.log HTTP/1.1" 403 239 "https://es.gravatar.com/ck4norfloxacino" "Mozilla/5.0 (Windows NT 6.1; Win64; x64) AppleWebKit/537.36 (KHTML, like Gecko) Chrome/90.0.4430.85 Safari/537.36" "albes.us"
37.139.53.2 - - [22/Nov/2022:09:56:45 -0800] "GET / HTTP/1.1" 200 6711 "https://es.gravatar.com/ck4norfloxacino" "Mozilla/5.0 (Windows NT 6.1; Win64; x64) AppleWebKit/537.36 (KHTML, like Gecko) Chrome/90.0.4430.85 Safari/537.36" "albes.us"
51.222.253.11 - - [22/Nov/2022:10:04:52 -0800] "GET /micah/ HTTP/1.1" 200 629 "-" "Mozilla/5.0 (compatible; AhrefsBot/7.0; +http://ahrefs.com/robot/)" "www.albes.us"
51.222.253.8 - - [22/Nov/2022:10:04:56 -0800] "GET /micah/tn/tn_03.jpg HTTP/1.1" 200 4272 "-" "Mozilla/5.0 (compatible; AhrefsBot/7.0; +http://ahrefs.com/robot/)" "www.albes.us"
51.222.253.2 - - [22/Nov/2022:10:04:57 -0800] "GET /micah/tn/tn_01.jpg HTTP/1.1" 200 5079 "-" "Mozilla/5.0 (compatible; AhrefsBot/7.0; +http://ahrefs.com/robot/)" "www.albes.us"
51.222.253.1 - - [22/Nov/2022:10:41:11 -0800] "GET /fathersday2006/ HTTP/1.1" 200 371 "-" "Mozilla/5.0 (compatible; AhrefsBot/7.0; +http://ahrefs.com/robot/)" "albes.us"
51.222.253.8 - - [22/Nov/2022:11:16:26 -0800] "GET /unclejim/ HTTP/1.1" 200 814 "-" "Mozilla/5.0 (compatible; AhrefsBot/7.0; +http://ahrefs.com/robot/)" "albes.us"
51.222.253.11 - - [22/Nov/2022:11:16:31 -0800] "GET /unclejim/2.jpg HTTP/1.1" 200 188307 "-" "Mozilla/5.0 (compatible; AhrefsBot/7.0; +http://ahrefs.com/robot/)" "albes.us"
51.222.253.8 - - [22/Nov/2022:12:06:27 -0800] "GET /laura/ HTTP/1.1" 200 363 "-" "Mozilla/5.0 (compatible; AhrefsBot/7.0; +http://ahrefs.com/robot/)" "albes.us"
51.222.253.11 - - [22/Nov/2022:13:21:11 -0800] "GET /robots.txt HTTP/1.1" 404 88 "-" "Mozilla/5.0 (compatible; AhrefsBot/7.0; +http://ahrefs.com/robot/)" "albes.us"
51.222.253.3 - - [22/Nov/2022:13:21:12 -0800] "GET /unclejim/ HTTP/1.1" 200 814 "-" "Mozilla/5.0 (compatible; AhrefsBot/7.0; +http://ahrefs.com/robot/)" "albes.us"
51.222.253.6 - - [22/Nov/2022:13:21:17 -0800] "GET /unclejim/2.jpg HTTP/1.1" 200 188307 "-" "Mozilla/5.0 (compatible; AhrefsBot/7.0; +http://ahrefs.com/robot/)" "albes.us"
216.244.66.198 - - [22/Nov/2022:13:55:54 -0800] "GET /robots.txt HTTP/1.1" 404 73 "-" "Mozilla/5.0 (compatible; DotBot/1.2; +https://opensiteexplorer.org/dotbot; help@moz.com)" "albes.us"
164.92.66.133 - - [22/Nov/2022:14:16:30 -0800] "GET /wp-login.php HTTP/1.1" 404 88 "-" "Mozilla/5.0 (Windows NT 10.0; Win64; x64; rv:96.0) Gecko/20100101 Firefox/96" "albes.us"
51.222.253.17 - - [22/Nov/2022:14:40:46 -0800] "GET /rocket/ HTTP/1.1" 200 406 "-" "Mozilla/5.0 (compatible; AhrefsBot/7.0; +http://ahrefs.com/robot/)" "albes.us"
216.244.66.198 - - [22/Nov/2022:14:45:59 -0800] "GET /robots.txt HTTP/1.1" 404 73 "-" "Mozilla/5.0 (compatible; DotBot/1.2; +https://opensiteexplorer.org/dotbot; help@moz.com)" "albes.us"
37.139.53.2 - - [22/Nov/2022:15:33:22 -0800] "GET /logs/access.log HTTP/1.1" 403 239 "https://de.gravatar.com/imodiumbestellensofort" "Mozilla/5.0 (Windows NT 6.1; ) AppleWebKit/537.36 (KHTML, like Gecko) Chrome/90.0.4430.72 Safari/537.36" "albes.us"
37.139.53.2 - - [22/Nov/2022:15:33:22 -0800] "GET / HTTP/1.1" 200 6711 "https://de.gravatar.com/imodiumbestellensofort" "Mozilla/5.0 (Windows NT 6.1; ) AppleWebKit/537.36 (KHTML, like Gecko) Chrome/90.0.4430.72 Safari/537.36" "albes.us"
37.139.53.2 - - [22/Nov/2022:15:33:25 -0800] "GET /logs/access.log HTTP/1.1" 403 239 "https://es.gravatar.com/unansterdemchibac" "Mozilla/5.0 (Windows NT 6.2; Win64; x64) AppleWebKit/537.36 (KHTML, like Gecko) Chrome/90.0.4430.72 Safari/537.36" "albes.us"
37.139.53.2 - - [22/Nov/2022:15:33:25 -0800] "GET / HTTP/1.1" 200 6711 "https://es.gravatar.com/unansterdemchibac" "Mozilla/5.0 (Windows NT 6.2; Win64; x64) AppleWebKit/537.36 (KHTML, like Gecko) Chrome/90.0.4430.72 Safari/537.36" "albes.us"
157.55.39.129 - - [22/Nov/2022:16:07:11 -0800] "GET / HTTP/1.1" 200 1219 "-" "Mozilla/5.0 (compatible; bingbot/2.0; +http://www.bing.com/bingbot.htm)" "albes.us"
114.119.132.58 - - [22/Nov/2022:16:30:00 -0800] "GET /heatherandjoe/tn_tristen.jpg HTTP/1.1" 200 32468 "http://albes.us/heatherandjoe/" "Mozilla/5.0 (Linux; Android 7.0;) AppleWebKit/537.36 (KHTML, like Gecko) Mobile Safari/537.36 (compatible; PetalBot;+https://webmaster.petalsearch.com/site/petalbot)" "albes.us"
51.222.253.9 - - [22/Nov/2022:16:39:21 -0800] "GET /adams13thbirthday/ HTTP/1.1" 200 494 "-" "Mozilla/5.0 (compatible; AhrefsBot/7.0; +http://ahrefs.com/robot/)" "www.albes.us"
207.46.13.231 - - [22/Nov/2022:17:05:55 -0800] "GET /robots.txt HTTP/1.1" 404 88 "-" "Mozilla/5.0 (compatible; bingbot/2.0; +http://www.bing.com/bingbot.htm)" "www.albes.us"
207.46.13.231 - - [22/Nov/2022:17:05:55 -0800] "GET /robots.txt HTTP/1.1" 404 88 "-" "Mozilla/5.0 (compatible; bingbot/2.0; +http://www.bing.com/bingbot.htm)" "www.albes.us"
157.55.39.129 - - [22/Nov/2022:17:05:58 -0800] "GET / HTTP/1.1" 200 1219 "-" "Mozilla/5.0 (compatible; bingbot/2.0; +http://www.bing.com/bingbot.htm)" "www.albes.us"
114.119.153.11 - - [22/Nov/2022:17:29:03 -0800] "GET /robots.txt HTTP/1.1" 404 88 "-" "Mozilla/5.0 (compatible;PetalBot;+https://webmaster.petalsearch.com/site/petalbot)" "albes.us"
157.55.39.30 - - [22/Nov/2022:19:45:54 -0800] "GET /laura/ HTTP/1.1" 200 363 "-" "Mozilla/5.0 AppleWebKit/537.36 (KHTML, like Gecko; compatible; bingbot/2.0; +http://www.bing.com/bingbot.htm) Chrome/103.0.5060.134 Safari/537.36" "www.albes.us"
157.55.39.30 - - [22/Nov/2022:19:45:54 -0800] "GET /laura/ HTTP/1.1" 200 363 "-" "Mozilla/5.0 AppleWebKit/537.36 (KHTML, like Gecko; compatible; bingbot/2.0; +http://www.bing.com/bingbot.htm) Chrome/103.0.5060.134 Safari/537.36" "albes.us"
207.46.13.65 - - [22/Nov/2022:19:46:02 -0800] "GET /pumpkinpatch05/ HTTP/1.1" 200 593 "-" "Mozilla/5.0 AppleWebKit/537.36 (KHTML, like Gecko; compatible; bingbot/2.0; +http://www.bing.com/bingbot.htm) Chrome/103.0.5060.134 Safari/537.36" "www.albes.us"
207.46.13.65 - - [22/Nov/2022:19:46:02 -0800] "GET /pumpkinpatch2010/ HTTP/1.1" 200 746 "-" "Mozilla/5.0 (compatible; bingbot/2.0; +http://www.bing.com/bingbot.htm)" "www.albes.us"
40.77.167.58 - - [22/Nov/2022:19:46:25 -0800] "GET /turkeyrun/ HTTP/1.1" 200 789 "-" "Mozilla/5.0 AppleWebKit/537.36 (KHTML, like Gecko; compatible; bingbot/2.0; +http://www.bing.com/bingbot.htm) Chrome/103.0.5060.134 Safari/537.36" "www.albes.us"
40.77.167.58 - - [22/Nov/2022:19:46:25 -0800] "GET /wreaths-centerpieces/ HTTP/1.1" 200 323 "-" "Mozilla/5.0 AppleWebKit/537.36 (KHTML, like Gecko; compatible; bingbot/2.0; +http://www.bing.com/bingbot.htm) Chrome/103.0.5060.134 Safari/537.36" "www.albes.us"
40.77.167.58 - - [22/Nov/2022:19:46:25 -0800] "GET /whats-up/ HTTP/1.1" 200 353 "-" "Mozilla/5.0 (compatible; bingbot/2.0; +http://www.bing.com/bingbot.htm)" "www.albes.us"
51.222.253.7 - - [22/Nov/2022:20:46:37 -0800] "GET /unclejim/ HTTP/1.1" 200 814 "-" "Mozilla/5.0 (compatible; AhrefsBot/7.0; +http://ahrefs.com/robot/)" "www.albes.us"
183.136.225.45 - - [22/Nov/2022:21:03:55 -0800] "GET / HTTP/1.1" 200 6711 "-" "Mozilla/5.0 (Macintosh; Intel Mac OS X 10.11; rv:47.0) Gecko/20100101 Firefox/47.0" "albes.us"
183.136.225.45 - - [22/Nov/2022:21:03:58 -0800] "GET / HTTP/1.1" 200 1219 "-" "Mozilla/5.0 (Windows NT 6.1; WOW64) AppleWebKit/537.36 (KHTML, like Gecko) Chrome/63.0.3239.132 Safari/537.36 QIHU 360SE" "albes.us"
183.136.225.45 - - [22/Nov/2022:21:03:59 -0800] "GET /robots.txt HTTP/1.1" 404 88 "-" "Mozilla/5.0 (Windows NT 6.1; WOW64) AppleWebKit/537.36 (KHTML, like Gecko) Chrome/63.0.3239.132 Safari/537.36 QIHU 360SE" "albes.us"
183.136.225.45 - - [22/Nov/2022:21:05:08 -0800] "GET / HTTP/1.1" 200 6711 "-" "Mozilla/5.0 (Macintosh; Intel Mac OS X 10.11; rv:47.0) Gecko/20100101 Firefox/47.0" "albes.us"
37.139.53.2 - - [22/Nov/2022:21:18:59 -0800] "GET /logs/access.log HTTP/1.1" 403 239 "https://de.gravatar.com/clopidogrelgenerika75mgch" "Mozilla/5.0 (Windows NT 10.0) AppleWebKit/537.36 (KHTML, like Gecko) Chrome/90.0.4430.72 Safari/537.36" "albes.us"
37.139.53.2 - - [22/Nov/2022:21:19:00 -0800] "GET / HTTP/1.1" 200 6711 "https://de.gravatar.com/clopidogrelgenerika75mgch" "Mozilla/5.0 (Windows NT 10.0) AppleWebKit/537.36 (KHTML, like Gecko) Chrome/90.0.4430.72 Safari/537.36" "albes.us"
37.139.53.2 - - [22/Nov/2022:21:19:02 -0800] "GET /logs/access.log HTTP/1.1" 403 239 "https://de.gravatar.com/xialfuzosin" "Mozilla/5.0 (Windows NT 10.0) AppleWebKit/537.36 (KHTML, like Gecko) Chrome/90.0.4430.85 Safari/537.36" "albes.us"
37.139.53.2 - - [22/Nov/2022:21:19:03 -0800] "GET / HTTP/1.1" 200 6711 "https://de.gravatar.com/xialfuzosin" "Mozilla/5.0 (Windows NT 10.0) AppleWebKit/537.36 (KHTML, like Gecko) Chrome/90.0.4430.85 Safari/537.36" "albes.us"
66.249.68.56 - - [22/Nov/2022:23:49:50 -0800] "GET /robots.txt HTTP/1.1" 404 88 "-" "Mozilla/5.0 (compatible; Googlebot/2.1; +http://www.google.com/bot.html)" "albes.us"
66.249.68.54 - - [22/Nov/2022:23:49:50 -0800] "GET /favicon.ico HTTP/1.1" 404 88 "-" "Googlebot-Image/1.0" "albes.us"
40.77.167.58 - - [22/Nov/2022:23:55:50 -0800] "GET /whats-up/ HTTP/1.1" 200 353 "-" "Mozilla/5.0 (compatible; bingbot/2.0; +http://www.bing.com/bingbot.htm)" "albes.us"
95.163.255.5 - - [23/Nov/2022:01:33:00 -0800] "GET /robots.txt HTTP/1.1" 404 73 "-" "Mozilla/5.0 (compatible; Linux x86_64; Mail.RU_Bot/2.0; +https://help.mail.ru/webmaster/indexing/robots)" "albes.us"
95.163.255.9 - - [23/Nov/2022:01:33:03 -0800] "GET /kd/ HTTP/1.1" 200 601 "-" "Mozilla/5.0 (compatible; Linux x86_64; Mail.RU_Bot/2.0; +https://help.mail.ru/webmaster/indexing/robots)" "albes.us"
37.139.53.2 - - [23/Nov/2022:03:01:03 -0800] "GET /logs/access.log HTTP/1.1" 403 239 "https://nb.gravatar.com/spillepokeronline" "Mozilla/5.0 (Windows NT 10.0; Win64; x64) AppleWebKit/537.36 (KHTML, like Gecko) Chrome/90.0.4430.85 Safari/537.36 Edg/90.0.818.49" "albes.us"
37.139.53.2 - - [23/Nov/2022:03:01:04 -0800] "GET / HTTP/1.1" 200 6711 "https://nb.gravatar.com/spillepokeronline" "Mozilla/5.0 (Windows NT 10.0; Win64; x64) AppleWebKit/537.36 (KHTML, like Gecko) Chrome/90.0.4430.85 Safari/537.36 Edg/90.0.818.49" "albes.us"
37.139.53.2 - - [23/Nov/2022:03:01:06 -0800] "GET /logs/access.log HTTP/1.1" 403 239 "https://gravatar.com/kicoreg" "Mozilla/5.0 (Windows NT 10.0; Win64; x64) AppleWebKit/537.36 (KHTML, like Gecko) Chrome/90.0.4430.72 Safari/537.36 Edg/90.0.818.39" "albes.us"
37.139.53.2 - - [23/Nov/2022:03:01:07 -0800] "GET / HTTP/1.1" 200 6711 "https://gravatar.com/kicoreg" "Mozilla/5.0 (Windows NT 10.0; Win64; x64) AppleWebKit/537.36 (KHTML, like Gecko) Chrome/90.0.4430.72 Safari/537.36 Edg/90.0.818.39" "albes.us"
207.46.13.231 - - [23/Nov/2022:03:03:30 -0800] "GET /robots.txt HTTP/1.1" 404 88 "-" "Mozilla/5.0 AppleWebKit/537.36 (KHTML, like Gecko; compatible; bingbot/2.0; +http://www.bing.com/bingbot.htm) Chrome/103.0.5060.134 Safari/537.36" "albes.us"
207.46.13.231 - - [23/Nov/2022:03:03:30 -0800] "GET /robots.txt HTTP/1.1" 404 88 "-" "Mozilla/5.0 AppleWebKit/537.36 (KHTML, like Gecko; compatible; bingbot/2.0; +http://www.bing.com/bingbot.htm) Chrome/103.0.5060.134 Safari/537.36" "albes.us"
157.55.39.129 - - [23/Nov/2022:03:03:34 -0800] "GET / HTTP/1.1" 200 1219 "-" "Mozilla/5.0 (compatible; bingbot/2.0; +http://www.bing.com/bingbot.htm)" "albes.us"
172.173.242.148 - - [23/Nov/2022:03:05:05 -0800] "GET / HTTP/1.1" 200 6711 "-" "Mozilla/5.0 (Windows NT 10.0; Win64; x64) AppleWebKit/537.36 (KHTML, like Gecko) Chrome/78.0.3904.108 Safari/537.36" "albes.us"
172.173.242.148 - - [23/Nov/2022:03:05:05 -0800] "GET / HTTP/1.1" 200 6711 "-" "Mozilla/5.0 (Windows NT 10.0; Win64; x64) AppleWebKit/537.36 (KHTML, like Gecko) Chrome/78.0.3904.108 Safari/537.36" "albes.us"
172.173.242.148 - - [23/Nov/2022:03:05:06 -0800] "GET /wp-includes/wlwmanifest.xml HTTP/1.1" 404 73 "-" "Mozilla/5.0 (Windows NT 10.0; Win64; x64) AppleWebKit/537.36 (KHTML, like Gecko) Chrome/78.0.3904.108 Safari/537.36" "albes.us"
172.173.242.148 - - [23/Nov/2022:03:05:06 -0800] "GET /xmlrpc.php?rsd HTTP/1.1" 404 73 "-" "Mozilla/5.0 (Windows NT 10.0; Win64; x64) AppleWebKit/537.36 (KHTML, like Gecko) Chrome/78.0.3904.108 Safari/537.36" "albes.us"
172.173.242.148 - - [23/Nov/2022:03:05:06 -0800] "GET / HTTP/1.1" 200 6711 "-" "Mozilla/5.0 (Windows NT 10.0; Win64; x64) AppleWebKit/537.36 (KHTML, like Gecko) Chrome/78.0.3904.108 Safari/537.36" "albes.us"
172.173.242.148 - - [23/Nov/2022:03:05:06 -0800] "GET /blog/wp-includes/wlwmanifest.xml HTTP/1.1" 404 73 "-" "Mozilla/5.0 (Windows NT 10.0; Win64; x64) AppleWebKit/537.36 (KHTML, like Gecko) Chrome/78.0.3904.108 Safari/537.36" "albes.us"
172.173.242.148 - - [23/Nov/2022:03:05:06 -0800] "GET /web/wp-includes/wlwmanifest.xml HTTP/1.1" 404 73 "-" "Mozilla/5.0 (Windows NT 10.0; Win64; x64) AppleWebKit/537.36 (KHTML, like Gecko) Chrome/78.0.3904.108 Safari/537.36" "albes.us"
172.173.242.148 - - [23/Nov/2022:03:05:07 -0800] "GET /wordpress/wp-includes/wlwmanifest.xml HTTP/1.1" 404 73 "-" "Mozilla/5.0 (Windows NT 10.0; Win64; x64) AppleWebKit/537.36 (KHTML, like Gecko) Chrome/78.0.3904.108 Safari/537.36" "albes.us"
172.173.242.148 - - [23/Nov/2022:03:05:07 -0800] "GET /website/wp-includes/wlwmanifest.xml HTTP/1.1" 404 73 "-" "Mozilla/5.0 (Windows NT 10.0; Win64; x64) AppleWebKit/537.36 (KHTML, like Gecko) Chrome/78.0.3904.108 Safari/537.36" "albes.us"
172.173.242.148 - - [23/Nov/2022:03:05:07 -0800] "GET /wp/wp-includes/wlwmanifest.xml HTTP/1.1" 404 73 "-" "Mozilla/5.0 (Windows NT 10.0; Win64; x64) AppleWebKit/537.36 (KHTML, like Gecko) Chrome/78.0.3904.108 Safari/537.36" "albes.us"
172.173.242.148 - - [23/Nov/2022:03:05:07 -0800] "GET /news/wp-includes/wlwmanifest.xml HTTP/1.1" 404 73 "-" "Mozilla/5.0 (Windows NT 10.0; Win64; x64) AppleWebKit/537.36 (KHTML, like Gecko) Chrome/78.0.3904.108 Safari/537.36" "albes.us"
172.173.242.148 - - [23/Nov/2022:03:05:07 -0800] "GET /2018/wp-includes/wlwmanifest.xml HTTP/1.1" 404 73 "-" "Mozilla/5.0 (Windows NT 10.0; Win64; x64) AppleWebKit/537.36 (KHTML, like Gecko) Chrome/78.0.3904.108 Safari/537.36" "albes.us"
172.173.242.148 - - [23/Nov/2022:03:05:07 -0800] "GET /2019/wp-includes/wlwmanifest.xml HTTP/1.1" 404 73 "-" "Mozilla/5.0 (Windows NT 10.0; Win64; x64) AppleWebKit/537.36 (KHTML, like Gecko) Chrome/78.0.3904.108 Safari/537.36" "albes.us"
172.173.242.148 - - [23/Nov/2022:03:05:07 -0800] "GET /shop/wp-includes/wlwmanifest.xml HTTP/1.1" 404 73 "-" "Mozilla/5.0 (Windows NT 10.0; Win64; x64) AppleWebKit/537.36 (KHTML, like Gecko) Chrome/78.0.3904.108 Safari/537.36" "albes.us"
172.173.242.148 - - [23/Nov/2022:03:05:08 -0800] "GET /wp1/wp-includes/wlwmanifest.xml HTTP/1.1" 404 73 "-" "Mozilla/5.0 (Windows NT 10.0; Win64; x64) AppleWebKit/537.36 (KHTML, like Gecko) Chrome/78.0.3904.108 Safari/537.36" "albes.us"
172.173.242.148 - - [23/Nov/2022:03:05:08 -0800] "GET /test/wp-includes/wlwmanifest.xml HTTP/1.1" 404 73 "-" "Mozilla/5.0 (Windows NT 10.0; Win64; x64) AppleWebKit/537.36 (KHTML, like Gecko) Chrome/78.0.3904.108 Safari/537.36" "albes.us"
172.173.242.148 - - [23/Nov/2022:03:05:08 -0800] "GET /media/wp-includes/wlwmanifest.xml HTTP/1.1" 404 73 "-" "Mozilla/5.0 (Windows NT 10.0; Win64; x64) AppleWebKit/537.36 (KHTML, like Gecko) Chrome/78.0.3904.108 Safari/537.36" "albes.us"
